Last updated on 2025-02-22 07:51:33 CET.
Flavor | Version | Tinstall | Tcheck | Ttotal | Status | Flags |
---|---|---|---|---|---|---|
r-devel-linux-x86_64-debian-clang | 0.1.3 | 27.51 | 262.55 | 290.06 | OK | |
r-devel-linux-x86_64-debian-gcc | 0.1.3 | 18.34 | 176.16 | 194.50 | OK | |
r-devel-linux-x86_64-fedora-clang | 0.1.3 | 477.49 | OK | |||
r-devel-linux-x86_64-fedora-gcc | 0.1.3 | 455.45 | OK | |||
r-devel-macos-arm64 | 0.1.3 | 5.00 | ERROR | |||
r-devel-macos-x86_64 | 0.1.3 | 274.00 | OK | |||
r-devel-windows-x86_64 | 0.1.3 | 25.00 | 213.00 | 238.00 | OK | |
r-patched-linux-x86_64 | 0.1.3 | 22.65 | 226.45 | 249.10 | OK | |
r-release-linux-x86_64 | 0.1.3 | 21.72 | 224.21 | 245.93 | OK | |
r-release-macos-arm64 | 0.1.3 | 115.00 | OK | |||
r-release-macos-x86_64 | 0.1.3 | 360.00 | OK | |||
r-release-windows-x86_64 | 0.1.3 | 26.00 | 199.00 | 225.00 | OK | |
r-oldrel-macos-arm64 | 0.1.3 | 129.00 | OK | |||
r-oldrel-macos-x86_64 | 0.1.3 | 268.00 | OK | |||
r-oldrel-windows-x86_64 | 0.1.3 | 2.00 | 8.00 | 10.00 | ERROR |
Version: 0.1.3
Check: package dependencies
Result: ERROR
Package required but not available: ‘org.Hs.eg.db’
See section ‘The DESCRIPTION file’ in the ‘Writing R Extensions’
manual.
Flavor: r-devel-macos-arm64
Version: 0.1.3
Check: whether package can be installed
Result: ERROR
Installation failed.
Flavor: r-oldrel-windows-x86_64