Last updated on 2025-10-22 21:50:06 CEST.
Flavor | Version | Tinstall | Tcheck | Ttotal | Status | Flags |
---|---|---|---|---|---|---|
r-devel-linux-x86_64-debian-clang | 1.1.5 | 2.51 | 24.41 | 26.92 | NOTE | |
r-devel-linux-x86_64-debian-gcc | 1.1.5 | 1.72 | 19.43 | 21.15 | NOTE | |
r-devel-linux-x86_64-fedora-clang | 1.1.5 | 39.34 | OK | |||
r-devel-linux-x86_64-fedora-gcc | 1.1.5 | 35.44 | OK | |||
r-devel-windows-x86_64 | 1.1.5 | 3.00 | 42.00 | 45.00 | OK | |
r-patched-linux-x86_64 | 1.1.5 | 2.84 | 23.09 | 25.93 | OK | |
r-release-linux-x86_64 | 1.1.5 | 2.08 | 23.25 | 25.33 | OK | |
r-release-macos-arm64 | 1.1.5 | 1.00 | 15.00 | 16.00 | OK | |
r-release-macos-x86_64 | 1.1.5 | 2.00 | 25.00 | 27.00 | OK | |
r-release-windows-x86_64 | 1.1.5 | 3.00 | 44.00 | 47.00 | OK | |
r-oldrel-macos-arm64 | 1.1.5 | 1.00 | 14.00 | 15.00 | OK | |
r-oldrel-macos-x86_64 | 1.1.5 | 2.00 | 24.00 | 26.00 | OK | |
r-oldrel-windows-x86_64 | 1.1.5 | 3.00 | 46.00 | 49.00 | OK |
Version: 1.1.5
Check: CRAN incoming feasibility
Result: NOTE
Maintainer: ‘Adam Kapelner <kapelner@qc.cuny.edu>’
No Authors@R field in DESCRIPTION.
Please add one, modifying
Authors@R: c(person(given = "Alex",
family = "Goldstein",
role = "aut"),
person(given = "Adam",
family = "Kapelner",
role = c("aut", "cre"),
email = "kapelner@qc.cuny.edu"),
person(given = "Justin",
family = "Bleich",
role = "aut"))
as necessary.
Package CITATION file contains call(s) to old-style personList() or
as.personList(). Please use c() on person objects instead.
Package CITATION file contains call(s) to old-style citEntry(). Please
use bibentry() instead.
Flavors: r-devel-linux-x86_64-debian-clang, r-devel-linux-x86_64-debian-gcc
Version: 1.1.5
Check: HTML version of manual
Result: NOTE
Found the following HTML validation problems:
print.dice.html:57:1 (print.dice.Rd:19): Warning: missing </ul> before </div>
print.ice.html:57:1 (print.ice.Rd:19): Warning: missing </ul> before </div>
summary.dice.html:57:1 (summary.dice.Rd:19): Warning: missing </ul> before </div>
summary.ice.html:57:1 (summary.ice.Rd:18): Warning: missing </ul> before </div>
Flavor: r-devel-linux-x86_64-debian-clang