Last updated on 2025-02-22 19:50:48 CET.
Flavor | Version | Tinstall | Tcheck | Ttotal | Status | Flags |
---|---|---|---|---|---|---|
r-devel-linux-x86_64-debian-clang | 0.5 | 9.03 | 79.57 | 88.60 | NOTE | |
r-devel-linux-x86_64-debian-gcc | 0.5 | 7.67 | 58.68 | 66.35 | NOTE | |
r-devel-linux-x86_64-fedora-gcc | 0.5 | 139.80 | OK | |||
r-devel-macos-arm64 | 0.5 | 43.00 | OK | |||
r-devel-macos-x86_64 | 0.5 | 76.00 | OK | |||
r-devel-windows-x86_64 | 0.5 | 11.00 | 88.00 | 99.00 | NOTE | |
r-patched-linux-x86_64 | 0.5 | 14.65 | 73.59 | 88.24 | OK | |
r-release-linux-x86_64 | 0.5 | 8.47 | 73.06 | 81.53 | OK | |
r-release-macos-arm64 | 0.5 | 42.00 | OK | |||
r-release-macos-x86_64 | 0.5 | 61.00 | OK | |||
r-release-windows-x86_64 | 0.5 | 11.00 | 84.00 | 95.00 | OK | |
r-oldrel-macos-arm64 | 0.5 | 46.00 | OK | |||
r-oldrel-macos-x86_64 | 0.5 | 72.00 | OK | |||
r-oldrel-windows-x86_64 | 0.5 | 14.00 | 105.00 | 119.00 | OK |
Version: 0.5
Check: Rd cross-references
Result: NOTE
Found the following Rd file(s) with Rd \link{} targets missing package
anchors:
ICSShiny.Rd: ICSOutlier, dist.simu.test, comp.simu.test
Please provide package anchors for all Rd \link{} targets not in the
package itself and the base packages.
Flavors: r-devel-linux-x86_64-debian-clang, r-devel-linux-x86_64-debian-gcc, r-devel-windows-x86_64