Last updated on 2025-02-22 07:51:34 CET.
Flavor | Version | Tinstall | Tcheck | Ttotal | Status | Flags |
---|---|---|---|---|---|---|
r-devel-linux-x86_64-debian-clang | 3.2.0 | 3.05 | 30.93 | 33.98 | NOTE | |
r-devel-linux-x86_64-debian-gcc | 3.2.0 | 2.07 | 22.89 | 24.96 | NOTE | |
r-devel-linux-x86_64-fedora-clang | 3.2.0 | 56.85 | NOTE | |||
r-devel-linux-x86_64-fedora-gcc | 3.2.0 | 66.46 | NOTE | |||
r-devel-macos-arm64 | 3.2.0 | 24.00 | NOTE | |||
r-devel-macos-x86_64 | 3.2.0 | 46.00 | NOTE | |||
r-devel-windows-x86_64 | 3.2.0 | 5.00 | 72.00 | 77.00 | NOTE | |
r-patched-linux-x86_64 | 3.2.0 | 3.16 | 29.26 | 32.42 | NOTE | |
r-release-linux-x86_64 | 3.2.0 | 2.94 | 29.20 | 32.14 | NOTE | |
r-release-macos-arm64 | 3.2.0 | 25.00 | NOTE | |||
r-release-macos-x86_64 | 3.2.0 | 38.00 | NOTE | |||
r-release-windows-x86_64 | 3.2.0 | 4.00 | 54.00 | 58.00 | NOTE | |
r-oldrel-macos-arm64 | 3.2.0 | 28.00 | OK | |||
r-oldrel-macos-x86_64 | 3.2.0 | 40.00 | OK | |||
r-oldrel-windows-x86_64 | 3.2.0 | 5.00 | 57.00 | 62.00 | OK |
Version: 3.2.0
Check: Rd files
Result: NOTE
checkRd: (-1) analyseISE.Rd:66: Lost braces; missing escapes or markup?
66 | False positive rate used for detection threshold (not output) to calculate LOD(alpha, beta) {only returned if SN = NA}
| ^
checkRd: (-1) analyseISE.Rd:69: Lost braces; missing escapes or markup?
69 | False negative rate used to calculate LOD(alpha, beta) {only returned if SN = NA}
| ^
checkRd: (-1) describeISE.Rd:71: Lost braces; missing escapes or markup?
71 | False positive rate used for detection threshold (not output) to calculate LOD(alpha, beta) {only returned if SN = NA}
| ^
checkRd: (-1) describeISE.Rd:74: Lost braces; missing escapes or markup?
74 | False negative rate used to calculate LOD(alpha, beta) {only returned if SN = NA}
| ^
Flavors: r-devel-linux-x86_64-debian-clang, r-devel-linux-x86_64-debian-gcc, r-devel-linux-x86_64-fedora-clang, r-devel-linux-x86_64-fedora-gcc, r-devel-macos-arm64, r-devel-macos-x86_64, r-devel-windows-x86_64, r-patched-linux-x86_64, r-release-linux-x86_64, r-release-macos-arm64, r-release-macos-x86_64, r-release-windows-x86_64