Last updated on 2025-11-15 07:50:09 CET.
| Flavor | Version | Tinstall | Tcheck | Ttotal | Status | Flags |
|---|---|---|---|---|---|---|
| r-devel-linux-x86_64-debian-clang | 0.9.3 | 36.57 | 471.44 | 508.01 | NOTE | |
| r-devel-linux-x86_64-debian-gcc | 0.9.3 | 23.14 | 319.90 | 343.04 | NOTE | |
| r-devel-linux-x86_64-fedora-clang | 0.9.3 | 150.00 | 715.51 | 865.51 | NOTE | |
| r-devel-linux-x86_64-fedora-gcc | 0.9.3 | 161.00 | 671.96 | 832.96 | NOTE | |
| r-devel-windows-x86_64 | 0.9.3 | 36.00 | 377.00 | 413.00 | NOTE | |
| r-patched-linux-x86_64 | 0.9.3 | 38.41 | 460.93 | 499.34 | NOTE | |
| r-release-linux-x86_64 | 0.9.3 | 36.39 | 458.58 | 494.97 | NOTE | |
| r-release-macos-arm64 | 0.9.3 | 16.00 | 178.00 | 194.00 | NOTE | |
| r-release-macos-x86_64 | 0.9.3 | 32.00 | 420.00 | 452.00 | NOTE | |
| r-release-windows-x86_64 | 0.9.3 | 35.00 | 373.00 | 408.00 | NOTE | |
| r-oldrel-macos-arm64 | 0.9.3 | 15.00 | 183.00 | 198.00 | OK | |
| r-oldrel-macos-x86_64 | 0.9.3 | 46.00 | 482.00 | 528.00 | OK | |
| r-oldrel-windows-x86_64 | 0.9.3 | 47.00 | 533.00 | 580.00 | OK |
Version: 0.9.3
Check: DESCRIPTION meta-information
Result: NOTE
Missing dependency on R >= 4.1.0 because package code uses the pipe
|> or function shorthand \(...) syntax added in R 4.1.0.
File(s) using such syntax:
‘calibfit.R’ ‘isofind.R’ ‘prepsources.R’ ‘serialize.R’
Flavors: r-devel-linux-x86_64-debian-clang, r-devel-linux-x86_64-debian-gcc, r-devel-linux-x86_64-fedora-clang, r-devel-linux-x86_64-fedora-gcc, r-devel-windows-x86_64, r-patched-linux-x86_64, r-release-linux-x86_64, r-release-macos-arm64, r-release-macos-x86_64, r-release-windows-x86_64