Last updated on 2025-11-11 18:49:57 CET.
| Flavor | Version | Tinstall | Tcheck | Ttotal | Status | Flags |
|---|---|---|---|---|---|---|
| r-devel-linux-x86_64-debian-clang | 1.0.3 | 399.25 | 145.65 | 544.90 | NOTE | |
| r-devel-linux-x86_64-debian-gcc | 1.0.3 | 297.38 | 130.70 | 428.08 | NOTE | |
| r-devel-linux-x86_64-fedora-clang | 1.0.3 | 573.00 | 388.20 | 961.20 | OK | |
| r-devel-linux-x86_64-fedora-gcc | 1.0.3 | 660.00 | 452.38 | 1112.38 | OK | |
| r-devel-windows-x86_64 | 1.0.3 | 379.00 | 182.00 | 561.00 | OK | |
| r-patched-linux-x86_64 | 1.0.3 | 408.43 | 179.55 | 587.98 | OK | |
| r-release-linux-x86_64 | 1.0.3 | 402.45 | 178.15 | 580.60 | OK | |
| r-release-macos-arm64 | 1.0.3 | 158.00 | 59.00 | 217.00 | OK | |
| r-release-macos-x86_64 | 1.0.3 | 131.00 | 96.00 | 227.00 | OK | |
| r-release-windows-x86_64 | 1.0.3 | 379.00 | 179.00 | 558.00 | OK | |
| r-oldrel-macos-arm64 | 1.0.3 | 166.00 | 55.00 | 221.00 | NOTE | |
| r-oldrel-macos-x86_64 | 1.0.3 | 117.00 | 82.00 | 199.00 | NOTE | |
| r-oldrel-windows-x86_64 | 1.0.3 | 462.00 | 232.00 | 694.00 | OK |
Version: 1.0.3
Check: CRAN incoming feasibility
Result: NOTE
Maintainer: ‘Shanpeng Li <lishanpeng0913@ucla.edu>’
The Description field contains
<arXiv:2301.06584>. The proposed method models the within-subject
Please refer to arXiv e-prints via their arXiv DOI <doi:10.48550/arXiv.YYMM.NNNNN>.
Flavors: r-devel-linux-x86_64-debian-clang, r-devel-linux-x86_64-debian-gcc
Version: 1.0.3
Check: installed package size
Result: NOTE
installed size is 40.0Mb
sub-directories of 1Mb or more:
libs 39.5Mb
Flavors: r-oldrel-macos-arm64, r-oldrel-macos-x86_64