CRAN Package Check Results for Package LOPART

Last updated on 2025-11-12 07:50:54 CET.

Flavor Version Tinstall Tcheck Ttotal Status Flags
r-devel-linux-x86_64-debian-clang 2024.6.19 11.57 33.83 45.40 NOTE
r-devel-linux-x86_64-debian-gcc 2024.6.19 7.67 25.80 33.47 NOTE
r-devel-linux-x86_64-fedora-clang 2024.6.19 142.00 -61.46 80.54 OK
r-devel-linux-x86_64-fedora-gcc 2024.6.19 50.00 23.22 73.22 OK
r-devel-windows-x86_64 2024.6.19 14.00 62.00 76.00 OK
r-patched-linux-x86_64 2024.6.19 10.84 31.93 42.77 OK
r-release-linux-x86_64 2024.6.19 10.41 31.93 42.34 OK
r-release-macos-arm64 2024.6.19 7.00 19.00 26.00 OK
r-release-macos-x86_64 2024.6.19 8.00 28.00 36.00 OK
r-release-windows-x86_64 2024.6.19 15.00 64.00 79.00 OK
r-oldrel-macos-arm64 2024.6.19 6.00 19.00 25.00 OK
r-oldrel-macos-x86_64 2024.6.19 14.00 47.00 61.00 OK
r-oldrel-windows-x86_64 2024.6.19 15.00 80.00 95.00 OK

Check Details

Version: 2024.6.19
Check: CRAN incoming feasibility
Result: NOTE Maintainer: ‘Toby Dylan Hocking <toby.hocking@r-project.org>’ No Authors@R field in DESCRIPTION. Please add one, modifying Authors@R: person(given = c("Toby", "Dylan"), family = "Hocking", role = c("aut", "cre"), email = "toby.hocking@r-project.org") as necessary. Flavors: r-devel-linux-x86_64-debian-clang, r-devel-linux-x86_64-debian-gcc