Last updated on 2025-04-29 06:49:46 CEST.
Flavor | Version | Tinstall | Tcheck | Ttotal | Status | Flags |
---|---|---|---|---|---|---|
r-devel-linux-x86_64-debian-clang | 0.1.0 | 8.20 | 66.08 | 74.28 | OK | |
r-devel-linux-x86_64-debian-gcc | 0.1.0 | 6.46 | 47.24 | 53.70 | NOTE | |
r-devel-linux-x86_64-fedora-clang | 0.1.0 | 118.12 | OK | |||
r-devel-linux-x86_64-fedora-gcc | 0.1.0 | 113.91 | OK | |||
r-devel-windows-x86_64 | 0.1.0 | 9.00 | 74.00 | 83.00 | OK | |
r-patched-linux-x86_64 | 0.1.0 | 7.67 | 63.80 | 71.47 | OK | |
r-release-linux-x86_64 | 0.1.0 | 6.59 | 64.40 | 70.99 | OK | |
r-release-macos-arm64 | 0.1.0 | 41.00 | OK | |||
r-release-macos-x86_64 | 0.1.0 | 99.00 | OK | |||
r-release-windows-x86_64 | 0.1.0 | 9.00 | 78.00 | 87.00 | OK | |
r-oldrel-macos-arm64 | 0.1.0 | 37.00 | OK | |||
r-oldrel-macos-x86_64 | 0.1.0 | 78.00 | OK | |||
r-oldrel-windows-x86_64 | 0.1.0 | 12.00 | 94.00 | 106.00 | OK |
Version: 0.1.0
Check: examples
Result: NOTE
Examples with CPU (user + system) or elapsed time > 5s
user system elapsed
fit_copula_interactions 4.611 0.055 5.732
Flavor: r-devel-linux-x86_64-debian-gcc