Last updated on 2025-10-26 05:50:02 CET.
| Flavor | Version | Tinstall | Tcheck | Ttotal | Status | Flags |
|---|---|---|---|---|---|---|
| r-devel-linux-x86_64-debian-clang | 1.1.1 | 84.52 | 323.91 | 408.43 | NOTE | |
| r-devel-linux-x86_64-debian-gcc | 1.1.1 | 50.28 | 204.40 | 254.68 | NOTE | |
| r-devel-linux-x86_64-fedora-clang | 1.1.1 | 149.00 | 501.44 | 650.44 | OK | |
| r-devel-linux-x86_64-fedora-gcc | 1.1.1 | 385.00 | 298.14 | 683.14 | NOTE | |
| r-devel-windows-x86_64 | 1.1.1 | 89.00 | 336.00 | 425.00 | OK | |
| r-patched-linux-x86_64 | 1.1.1 | 94.19 | 303.77 | 397.96 | OK | |
| r-release-linux-x86_64 | 1.1.1 | 82.60 | 300.66 | 383.26 | OK | |
| r-release-macos-arm64 | 1.1.1 | 31.00 | 115.00 | 146.00 | OK | |
| r-release-macos-x86_64 | 1.1.1 | 63.00 | 287.00 | 350.00 | OK | |
| r-release-windows-x86_64 | 1.1.1 | 92.00 | 348.00 | 440.00 | OK | |
| r-oldrel-macos-arm64 | 1.1.1 | 31.00 | 121.00 | 152.00 | NOTE | |
| r-oldrel-macos-x86_64 | 1.1.1 | 55.00 | 275.00 | 330.00 | NOTE | |
| r-oldrel-windows-x86_64 | 1.1.1 | 120.00 | 446.00 | 566.00 | NOTE |
Version: 1.1.1
Check: Rd files
Result: NOTE
checkRd: (-1) as.Rd:38-43: Only 3 columns allowed in this table (row 1 has 2)
checkRd: (-1) as.Rd:38-43: Only 3 columns allowed in this table (row 2 has 2)
checkRd: (-1) as.Rd:38-43: Only 3 columns allowed in this table (row 3 has 2)
checkRd: (-1) as.Rd:38-43: Only 3 columns allowed in this table (row 4 has 2)
checkRd: (-1) as.Rd:55-60: Only 3 columns allowed in this table (row 1 has 2)
checkRd: (-1) as.Rd:55-60: Only 3 columns allowed in this table (row 2 has 2)
checkRd: (-1) calc_SourceDoseRate.Rd:81-86: Only 5 columns allowed in this table (row 1 has 4)
checkRd: (-1) calc_SourceDoseRate.Rd:81-86: Only 5 columns allowed in this table (row 2 has 4)
checkRd: (-1) calc_SourceDoseRate.Rd:81-86: Only 5 columns allowed in this table (row 3 has 4)
checkRd: (-1) calc_SourceDoseRate.Rd:81-86: Only 5 columns allowed in this table (row 4 has 4)
checkRd: (-1) calc_SourceDoseRate.Rd:81-86: Only 5 columns allowed in this table (row 5 has 4)
checkRd: (-1) convert_Concentration2DoseRate.Rd:44-56: Only 3 columns allowed in this table (row 6 has 2)
checkRd: (-1) convert_Concentration2DoseRate.Rd:44-56: Only 3 columns allowed in this table (row 7 has 2)
checkRd: (-1) plot_FilterCombinations.Rd:43-48: Only 3 columns allowed in this table (row 1 has 2)
checkRd: (-1) plot_FilterCombinations.Rd:52-55: Only 3 columns allowed in this table (row 1 has 2)
Flavors: r-devel-linux-x86_64-debian-clang, r-devel-linux-x86_64-debian-gcc, r-devel-linux-x86_64-fedora-gcc
Version: 1.1.1
Check: installed package size
Result: NOTE
installed size is 7.5Mb
sub-directories of 1Mb or more:
R 2.1Mb
help 1.1Mb
libs 2.5Mb
Flavors: r-oldrel-macos-arm64, r-oldrel-macos-x86_64, r-oldrel-windows-x86_64