Last updated on 2025-07-02 06:49:26 CEST.
Flavor | Version | Tinstall | Tcheck | Ttotal | Status | Flags |
---|---|---|---|---|---|---|
r-devel-linux-x86_64-debian-clang | 1.4.2 | 53.07 | 162.03 | 215.10 | OK | |
r-devel-linux-x86_64-debian-gcc | 1.4.2 | 43.16 | 128.64 | 171.80 | OK | |
r-devel-linux-x86_64-fedora-clang | 1.4.2 | 338.69 | OK | |||
r-devel-linux-x86_64-fedora-gcc | 1.4.2 | 353.81 | OK | |||
r-devel-windows-x86_64 | 1.4.2 | 77.00 | 190.00 | 267.00 | OK | |
r-patched-linux-x86_64 | OK | |||||
r-release-linux-x86_64 | 1.4.2 | 56.27 | 155.21 | 211.48 | OK | |
r-release-macos-arm64 | 1.4.2 | 135.00 | OK | |||
r-release-macos-x86_64 | 1.4.2 | 147.00 | OK | |||
r-release-windows-x86_64 | 1.4.2 | 80.00 | 187.00 | 267.00 | OK | |
r-oldrel-macos-arm64 | 1.4.2 | 86.00 | NOTE | |||
r-oldrel-macos-x86_64 | 1.4.2 | 318.00 | NOTE | |||
r-oldrel-windows-x86_64 | 1.4.2 | 93.00 | 239.00 | 332.00 | NOTE |
Version: 1.4.2
Check: package dependencies
Result: NOTE
Packages suggested but not available for checking:
'SeqArray', 'SeqVarTools'
Flavor: r-oldrel-macos-arm64
Version: 1.4.2
Check: installed package size
Result: NOTE
installed size is 6.8Mb
sub-directories of 1Mb or more:
libs 5.1Mb
Flavors: r-oldrel-macos-arm64, r-oldrel-macos-x86_64
Version: 1.4.2
Check: package dependencies
Result: NOTE
Package suggested but not available for checking: 'doMC'
Flavor: r-oldrel-windows-x86_64