CRAN Package Check Results for Package MB

Last updated on 2025-11-15 18:48:45 CET.

Flavor Version Tinstall Tcheck Ttotal Status Flags
r-devel-linux-x86_64-debian-clang 0.1.1 2.01 22.41 24.42 OK
r-devel-linux-x86_64-debian-gcc 0.1.1 1.47 17.70 19.17 OK
r-devel-linux-x86_64-fedora-clang 0.1.1 39.08 NOTE
r-devel-linux-x86_64-fedora-gcc 0.1.1 53.19 NOTE
r-devel-windows-x86_64 0.1.1 4.00 40.00 44.00 OK
r-patched-linux-x86_64 0.1.1 1.84 21.02 22.86 OK
r-release-linux-x86_64 0.1.1 1.61 21.33 22.94 OK
r-release-macos-arm64 0.1.1 1.00 28.00 29.00 OK
r-release-macos-x86_64 0.1.1 2.00 45.00 47.00 OK
r-release-windows-x86_64 0.1.1 3.00 40.00 43.00 OK
r-oldrel-macos-arm64 0.1.1 1.00 19.00 20.00 OK
r-oldrel-macos-x86_64 0.1.1 2.00 45.00 47.00 OK
r-oldrel-windows-x86_64 0.1.1 4.00 45.00 49.00 OK

Check Details

Version: 0.1.1
Check: dependencies in R code
Result: NOTE Namespace in Imports field not imported from: ‘tibble’ All declared Imports should be used. Flavors: r-devel-linux-x86_64-fedora-clang, r-devel-linux-x86_64-fedora-gcc