Last updated on 2025-11-11 07:51:36 CET.
| Flavor | Version | Tinstall | Tcheck | Ttotal | Status | Flags |
|---|---|---|---|---|---|---|
| r-devel-linux-x86_64-debian-clang | 2.36 | 51.97 | 95.89 | 147.86 | NOTE | |
| r-devel-linux-x86_64-debian-gcc | 2.36 | 33.80 | 66.63 | 100.43 | NOTE | |
| r-devel-linux-x86_64-fedora-clang | 2.36 | 258.00 | 0.70 | 258.70 | OK | |
| r-devel-linux-x86_64-fedora-gcc | 2.36 | 176.00 | 51.80 | 227.80 | OK | |
| r-devel-windows-x86_64 | 2.36 | 84.00 | 114.00 | 198.00 | OK | |
| r-patched-linux-x86_64 | 2.36 | 45.24 | 91.71 | 136.95 | OK | |
| r-release-linux-x86_64 | 2.36 | 45.32 | 92.87 | 138.19 | OK | |
| r-release-macos-arm64 | 2.36 | 24.00 | 41.00 | 65.00 | OK | |
| r-release-macos-x86_64 | 2.36 | 32.00 | 84.00 | 116.00 | OK | |
| r-release-windows-x86_64 | 2.36 | 111.00 | 111.00 | 222.00 | OK | |
| r-oldrel-macos-arm64 | 2.36 | 24.00 | 42.00 | 66.00 | OK | |
| r-oldrel-macos-x86_64 | 2.36 | 25.00 | 60.00 | 85.00 | OK | |
| r-oldrel-windows-x86_64 | 2.36 | 104.00 | 141.00 | 245.00 | OK |
Version: 2.36
Check: CRAN incoming feasibility
Result: NOTE
Maintainer: ‘Jarrod Hadfield <j.hadfield@ed.ac.uk>’
No Authors@R field in DESCRIPTION.
Please add one, modifying
Authors@R: person(given = "Jarrod",
family = "Hadfield",
role = c("aut", "cre"),
email = "j.hadfield@ed.ac.uk")
as necessary.
Flavors: r-devel-linux-x86_64-debian-clang, r-devel-linux-x86_64-debian-gcc