Last updated on 2025-10-22 21:50:09 CEST.
Flavor | Version | Tinstall | Tcheck | Ttotal | Status | Flags |
---|---|---|---|---|---|---|
r-devel-linux-x86_64-debian-clang | 1.0.0 | 405.04 | 194.77 | 599.81 | OK | |
r-devel-linux-x86_64-debian-gcc | 1.0.0 | 360.73 | 165.03 | 525.76 | OK | |
r-devel-linux-x86_64-fedora-clang | 1.0.0 | 840.00 | 89.31 | 929.31 | OK | |
r-devel-linux-x86_64-fedora-gcc | 1.0.0 | 1200.00 | -14.26 | 1185.74 | OK | |
r-devel-windows-x86_64 | 1.0.0 | 425.00 | 237.00 | 662.00 | OK | |
r-patched-linux-x86_64 | 1.0.0 | 460.37 | 222.48 | 682.85 | OK | |
r-release-linux-x86_64 | 1.0.0 | 450.66 | 221.77 | 672.43 | OK | |
r-release-macos-arm64 | 1.0.0 | 173.00 | 73.00 | 246.00 | OK | |
r-release-macos-x86_64 | 1.0.0 | 165.00 | 159.00 | 324.00 | OK | |
r-release-windows-x86_64 | 1.0.0 | 412.00 | 238.00 | 650.00 | OK | |
r-oldrel-macos-arm64 | 1.0.0 | 86.00 | 50.00 | 136.00 | NOTE | |
r-oldrel-macos-x86_64 | 1.0.0 | 80.00 | 85.00 | 165.00 | NOTE | |
r-oldrel-windows-x86_64 | 1.0.0 | 475.00 | 307.00 | 782.00 | NOTE |
Version: 1.0.0
Check: installed package size
Result: NOTE
installed size is 91.3Mb
sub-directories of 1Mb or more:
libs 90.8Mb
Flavors: r-oldrel-macos-arm64, r-oldrel-macos-x86_64
Version: 1.0.0
Check: for GNU extensions in Makefiles
Result: NOTE
GNU make is a SystemRequirements.
Flavors: r-oldrel-macos-arm64, r-oldrel-macos-x86_64, r-oldrel-windows-x86_64