Last updated on 2025-02-22 07:51:39 CET.
Flavor | Version | Tinstall | Tcheck | Ttotal | Status | Flags |
---|---|---|---|---|---|---|
r-devel-linux-x86_64-debian-clang | 0.1.2 | 2.68 | 45.29 | 47.97 | NOTE | |
r-devel-linux-x86_64-debian-gcc | 0.1.2 | 1.92 | 32.69 | 34.61 | NOTE | |
r-devel-linux-x86_64-fedora-clang | 0.1.2 | 79.47 | OK | |||
r-devel-linux-x86_64-fedora-gcc | 0.1.2 | 75.65 | OK | |||
r-devel-macos-arm64 | 0.1.2 | 30.00 | OK | |||
r-devel-macos-x86_64 | 0.1.2 | 47.00 | OK | |||
r-devel-windows-x86_64 | 0.1.2 | 4.00 | 72.00 | 76.00 | NOTE | |
r-patched-linux-x86_64 | 0.1.2 | 9.03 | 42.14 | 51.17 | OK | |
r-release-linux-x86_64 | 0.1.2 | 2.40 | 42.36 | 44.76 | OK | |
r-release-macos-arm64 | 0.1.2 | 30.00 | OK | |||
r-release-macos-x86_64 | 0.1.2 | 39.00 | OK | |||
r-release-windows-x86_64 | 0.1.2 | 4.00 | 71.00 | 75.00 | OK | |
r-oldrel-macos-arm64 | 0.1.2 | 33.00 | OK | |||
r-oldrel-macos-x86_64 | 0.1.2 | 46.00 | OK | |||
r-oldrel-windows-x86_64 | 0.1.2 | 5.00 | 82.00 | 87.00 | OK |
Version: 0.1.2
Check: Rd cross-references
Result: NOTE
Found the following Rd file(s) with Rd \link{} targets missing package
anchors:
MiBiClassGBODT.Rd: createFolds, gbm, roc
MiIntDepthAjust.Rd: gbm
MiNTreesAjust.Rd: gbm
MiNorm.Rd: backgroundCorrect, normalize.quantiles, SQN,
normalizeCyclicLoess
MiShrinkAjust.Rd: gbm
MiStatCount.Rd: rowttests
Please provide package anchors for all Rd \link{} targets not in the
package itself and the base packages.
Flavors: r-devel-linux-x86_64-debian-clang, r-devel-linux-x86_64-debian-gcc, r-devel-windows-x86_64