Last updated on 2025-11-11 07:51:36 CET.
| Flavor | Version | Tinstall | Tcheck | Ttotal | Status | Flags |
|---|---|---|---|---|---|---|
| r-devel-linux-x86_64-debian-clang | 1.0 | 8.59 | 67.86 | 76.45 | NOTE | |
| r-devel-linux-x86_64-debian-gcc | 1.0 | 6.18 | 50.44 | 56.62 | NOTE | |
| r-devel-linux-x86_64-fedora-clang | 1.0 | 22.00 | 94.38 | 116.38 | OK | |
| r-devel-linux-x86_64-fedora-gcc | 1.0 | 33.00 | 81.41 | 114.41 | OK | |
| r-devel-windows-x86_64 | 1.0 | 10.00 | 80.00 | 90.00 | OK | |
| r-patched-linux-x86_64 | 1.0 | 8.29 | 66.54 | 74.83 | OK | |
| r-release-linux-x86_64 | 1.0 | 6.68 | 66.01 | 72.69 | OK | |
| r-release-macos-arm64 | 1.0 | 4.00 | 34.00 | 38.00 | OK | |
| r-release-macos-x86_64 | 1.0 | 8.00 | 61.00 | 69.00 | OK | |
| r-release-windows-x86_64 | 1.0 | 9.00 | 78.00 | 87.00 | OK | |
| r-oldrel-macos-arm64 | 1.0 | 4.00 | 35.00 | 39.00 | OK | |
| r-oldrel-macos-x86_64 | 1.0 | 9.00 | 61.00 | 70.00 | OK | |
| r-oldrel-windows-x86_64 | 1.0 | 15.00 | 94.00 | 109.00 | OK |
Version: 1.0
Check: CRAN incoming feasibility
Result: NOTE
Maintainer: ‘Jiebiao Wang <randel.wang@gmail.com>’
No Authors@R field in DESCRIPTION.
Please add one, modifying
Authors@R: c(person(given = "Jiebiao",
family = "Wang",
role = c("aut", "cre"),
email = "randel.wang@gmail.com"),
person(given = c("Lin", "S."),
family = "Chen",
role = "aut"))
as necessary.
Flavors: r-devel-linux-x86_64-debian-clang, r-devel-linux-x86_64-debian-gcc