CRAN Package Check Results for Package NBDdirichlet

Last updated on 2025-11-05 07:50:51 CET.

Flavor Version Tinstall Tcheck Ttotal Status Flags
r-devel-linux-x86_64-debian-clang 1.4 1.85 28.40 30.25 NOTE
r-devel-linux-x86_64-debian-gcc 1.4 1.56 21.81 23.37 NOTE
r-devel-linux-x86_64-fedora-clang 1.4 48.11 OK
r-devel-linux-x86_64-fedora-gcc 1.4 43.14 OK
r-devel-windows-x86_64 1.4 3.00 47.00 50.00 OK
r-patched-linux-x86_64 1.4 2.01 26.30 28.31 OK
r-release-linux-x86_64 1.4 1.85 26.88 28.73 OK
r-release-macos-arm64 1.4 1.00 17.00 18.00 OK
r-release-macos-x86_64 1.4 3.00 35.00 38.00 OK
r-release-windows-x86_64 1.4 3.00 46.00 49.00 OK
r-oldrel-macos-arm64 1.4 1.00 15.00 16.00 OK
r-oldrel-macos-x86_64 1.4 3.00 41.00 44.00 OK
r-oldrel-windows-x86_64 1.4 3.00 48.00 51.00 OK

Check Details

Version: 1.4
Check: CRAN incoming feasibility
Result: NOTE Maintainer: ‘Feiming Chen <feimingchen@yahoo.com>’ No Authors@R field in DESCRIPTION. Please add one, modifying Authors@R: person(given = "Feiming", family = "Chen", role = c("aut", "cre"), email = "feimingchen@yahoo.com") as necessary. Flavors: r-devel-linux-x86_64-debian-clang, r-devel-linux-x86_64-debian-gcc