Last updated on 2025-02-21 06:49:49 CET.
Flavor | Version | Tinstall | Tcheck | Ttotal | Status | Flags |
---|---|---|---|---|---|---|
r-devel-linux-x86_64-debian-clang | 1.0.5 | 33.32 | 273.55 | 306.87 | NOTE | |
r-devel-linux-x86_64-debian-gcc | 1.0.5 | 21.43 | 167.77 | 189.20 | NOTE | |
r-devel-linux-x86_64-fedora-clang | 1.0.5 | 502.47 | OK | |||
r-devel-linux-x86_64-fedora-gcc | 1.0.5 | 542.71 | OK | |||
r-devel-macos-arm64 | 1.0.5 | 111.00 | OK | |||
r-devel-macos-x86_64 | 1.0.5 | 293.00 | OK | |||
r-devel-windows-x86_64 | 1.0.5 | 32.00 | 247.00 | 279.00 | NOTE | |
r-patched-linux-x86_64 | 1.0.5 | 35.95 | 250.08 | 286.03 | NOTE | |
r-release-linux-x86_64 | 1.0.5 | 29.55 | 246.94 | 276.49 | NOTE | |
r-release-macos-arm64 | 1.0.5 | 98.00 | NOTE | |||
r-release-macos-x86_64 | 1.0.5 | 223.00 | NOTE | |||
r-release-windows-x86_64 | 1.0.5 | 33.00 | 246.00 | 279.00 | NOTE | |
r-oldrel-macos-arm64 | 1.0.5 | 110.00 | NOTE | |||
r-oldrel-macos-x86_64 | 1.0.5 | 212.00 | NOTE | |||
r-oldrel-windows-x86_64 | 1.0.5 | 44.00 | 347.00 | 391.00 | NOTE |
Version: 1.0.5
Check: Rd cross-references
Result: NOTE
Found the following Rd file(s) with Rd \link{} targets missing package
anchors:
bbox.Rd: extent, coordinates
coordinates.Rd: extent
extent.Rd: coordinates
Please provide package anchors for all Rd \link{} targets not in the
package itself and the base packages.
Flavors: r-devel-linux-x86_64-debian-clang, r-devel-linux-x86_64-debian-gcc, r-devel-windows-x86_64
Version: 1.0.5
Check: package dependencies
Result: NOTE
Package suggested but not available for checking: ‘fastshp’
Flavors: r-patched-linux-x86_64, r-release-linux-x86_64, r-release-macos-arm64, r-release-macos-x86_64, r-release-windows-x86_64, r-oldrel-macos-arm64, r-oldrel-macos-x86_64, r-oldrel-windows-x86_64