Last updated on 2025-02-21 06:49:49 CET.
Flavor | Version | Tinstall | Tcheck | Ttotal | Status | Flags |
---|---|---|---|---|---|---|
r-devel-linux-x86_64-debian-clang | 0.2.0 | 3.97 | 66.17 | 70.14 | NOTE | |
r-devel-linux-x86_64-debian-gcc | 0.2.0 | 2.82 | 46.17 | 48.99 | NOTE | |
r-devel-linux-x86_64-fedora-clang | 0.2.0 | 118.16 | NOTE | |||
r-devel-linux-x86_64-fedora-gcc | 0.2.0 | 130.63 | NOTE | |||
r-devel-macos-arm64 | 0.2.0 | 38.00 | OK | |||
r-devel-macos-x86_64 | 0.2.0 | 67.00 | NOTE | |||
r-devel-windows-x86_64 | 0.2.0 | 6.00 | 86.00 | 92.00 | NOTE | |
r-patched-linux-x86_64 | 0.2.0 | 2.90 | 63.21 | 66.11 | OK | |
r-release-linux-x86_64 | 0.2.0 | 3.62 | 61.95 | 65.57 | OK | |
r-release-macos-arm64 | 0.2.0 | 42.00 | OK | |||
r-release-macos-x86_64 | 0.2.0 | 68.00 | OK | |||
r-release-windows-x86_64 | 0.2.0 | 6.00 | 70.00 | 76.00 | OK | |
r-oldrel-macos-arm64 | 0.2.0 | 42.00 | OK | |||
r-oldrel-macos-x86_64 | 0.2.0 | 70.00 | OK | |||
r-oldrel-windows-x86_64 | 0.2.0 | 6.00 | 80.00 | 86.00 | OK |
Version: 0.2.0
Check: DESCRIPTION meta-information
Result: NOTE
Missing dependency on R >= 4.1.0 because package code uses the pipe
|> or function shorthand \(...) syntax added in R 4.1.0.
File(s) using such syntax:
‘about.R’ ‘appDynamic.R’ ‘appStatic.R’ ‘buttons.R’ ‘createServer.R’
‘createUi.R’ ‘defaultPanel.R’ ‘functions.R’ ‘panelOutput.R’
‘panelRaw.R’ ‘panelTidy.R’ ‘sidebar.R’ ‘utilities.R’
Flavors: r-devel-linux-x86_64-debian-clang, r-devel-linux-x86_64-debian-gcc, r-devel-linux-x86_64-fedora-clang, r-devel-linux-x86_64-fedora-gcc, r-devel-macos-x86_64, r-devel-windows-x86_64