Last updated on 2025-02-21 19:50:35 CET.
Flavor | Version | Tinstall | Tcheck | Ttotal | Status | Flags |
---|---|---|---|---|---|---|
r-devel-linux-x86_64-debian-clang | 2.21.13 | 1168.93 | 385.55 | 1554.48 | OK | |
r-devel-linux-x86_64-debian-gcc | 2.21.13 | 954.51 | 384.97 | 1339.48 | OK | |
r-devel-linux-x86_64-fedora-clang | 2.21.13 | 2844.67 | OK | |||
r-devel-linux-x86_64-fedora-gcc | 2.21.13 | 3134.11 | OK | |||
r-devel-macos-arm64 | 2.21.13 | 560.00 | OK | |||
r-devel-macos-x86_64 | 2.21.13 | 784.00 | OK | |||
r-devel-windows-x86_64 | 2.21.13 | 1116.00 | 511.00 | 1627.00 | OK | |
r-patched-linux-x86_64 | 2.21.13 | 1263.39 | 501.29 | 1764.68 | NOTE | |
r-release-linux-x86_64 | 2.21.13 | 1287.51 | 496.34 | 1783.85 | NOTE | |
r-release-macos-arm64 | 2.21.13 | 331.00 | NOTE | |||
r-release-macos-x86_64 | 2.21.13 | 320.00 | NOTE | |||
r-release-windows-x86_64 | 2.21.13 | 1145.00 | 488.00 | 1633.00 | NOTE | |
r-oldrel-macos-arm64 | 2.21.13 | 547.00 | NOTE | |||
r-oldrel-macos-x86_64 | 2.21.13 | 569.00 | NOTE | |||
r-oldrel-windows-x86_64 | 2.21.13 | 1406.00 | 634.00 | 2040.00 | NOTE |
Version: 2.21.13
Check: for GNU extensions in Makefiles
Result: NOTE
GNU make is a SystemRequirements.
Flavors: r-patched-linux-x86_64, r-release-linux-x86_64, r-release-macos-arm64, r-release-macos-x86_64, r-release-windows-x86_64, r-oldrel-macos-arm64, r-oldrel-macos-x86_64, r-oldrel-windows-x86_64
Version: 2.21.13
Check: installed package size
Result: NOTE
installed size is 273.3Mb
sub-directories of 1Mb or more:
R 3.1Mb
data 1.4Mb
libs 261.6Mb
models 4.7Mb
Flavors: r-release-macos-arm64, r-release-macos-x86_64, r-release-windows-x86_64, r-oldrel-macos-arm64, r-oldrel-macos-x86_64, r-oldrel-windows-x86_64