Last updated on 2025-11-11 18:50:01 CET.
| Flavor | Version | Tinstall | Tcheck | Ttotal | Status | Flags |
|---|---|---|---|---|---|---|
| r-devel-linux-x86_64-debian-clang | 3.1 | 4.94 | 62.44 | 67.38 | NOTE | |
| r-devel-linux-x86_64-debian-gcc | 3.1 | 3.30 | 47.72 | 51.02 | NOTE | |
| r-devel-linux-x86_64-fedora-clang | 3.1 | 11.00 | 87.16 | 98.16 | OK | |
| r-devel-linux-x86_64-fedora-gcc | 3.1 | 105.01 | OK | |||
| r-devel-windows-x86_64 | 3.1 | 7.00 | 68.00 | 75.00 | OK | |
| r-patched-linux-x86_64 | 3.1 | 5.14 | 59.62 | 64.76 | OK | |
| r-release-linux-x86_64 | 3.1 | 4.73 | 60.24 | 64.97 | OK | |
| r-release-macos-arm64 | 3.1 | 2.00 | 29.00 | 31.00 | OK | |
| r-release-macos-x86_64 | 3.1 | 3.00 | 59.00 | 62.00 | OK | |
| r-release-windows-x86_64 | 3.1 | 8.00 | 68.00 | 76.00 | OK | |
| r-oldrel-macos-arm64 | 3.1 | 2.00 | 35.00 | 37.00 | OK | |
| r-oldrel-macos-x86_64 | 3.1 | 4.00 | 58.00 | 62.00 | OK | |
| r-oldrel-windows-x86_64 | 3.1 | 7.00 | 77.00 | 84.00 | OK |
Version: 3.1
Check: CRAN incoming feasibility
Result: NOTE
Maintainer: ‘Marie Chavent <Marie.Chavent@u-bordeaux.fr>’
Found the following \keyword or \concept entries
which likely give several index terms:
File ‘MFAmix.Rd’:
\keyword{multivariate, mixed type data, data struc [TRUNCATED]
Flavors: r-devel-linux-x86_64-debian-clang, r-devel-linux-x86_64-debian-gcc