Last updated on 2025-07-25 19:49:50 CEST.
Flavor | Version | Tinstall | Tcheck | Ttotal | Status | Flags |
---|---|---|---|---|---|---|
r-devel-linux-x86_64-debian-clang | 0.1-5 | 32.44 | 80.07 | 112.51 | OK | |
r-devel-linux-x86_64-debian-gcc | 0.1-5 | 23.87 | 58.01 | 81.88 | OK | |
r-devel-linux-x86_64-fedora-clang | 0.1-5 | 194.89 | OK | |||
r-devel-linux-x86_64-fedora-gcc | 0.1-5 | 185.44 | OK | |||
r-devel-windows-x86_64 | 0.1-5 | 42.00 | 111.00 | 153.00 | OK | |
r-patched-linux-x86_64 | 0.1-5 | 33.10 | 72.79 | 105.89 | OK | |
r-release-linux-x86_64 | 0.1-4 | 33.39 | 72.08 | 105.47 | NOTE | |
r-release-macos-arm64 | 0.1-4 | 58.00 | NOTE | |||
r-release-macos-x86_64 | 0.1-5 | 94.00 | OK | |||
r-release-windows-x86_64 | 0.1-5 | 39.00 | 105.00 | 144.00 | OK | |
r-oldrel-macos-arm64 | 0.1-4 | 45.00 | NOTE | |||
r-oldrel-macos-x86_64 | 0.1-5 | 89.00 | OK | |||
r-oldrel-windows-x86_64 | 0.1-5 | 50.00 | 125.00 | 175.00 | OK |
Version: 0.1-4
Check: C++ specification
Result: NOTE
Specified C++11: please drop specification unless essential
Flavors: r-release-linux-x86_64, r-release-macos-arm64, r-oldrel-macos-arm64
Version: 0.1-4
Check: Rd cross-references
Result: NOTE
Found the following Rd file(s) with Rd \link{} targets missing package
anchors:
person.posterior.Rd: adaptIntegrate
Please provide package anchors for all Rd \link{} targets not in the
package itself and the base packages.
Flavor: r-release-linux-x86_64