Last updated on 2025-11-11 18:50:03 CET.
| Flavor | Version | Tinstall | Tcheck | Ttotal | Status | Flags |
|---|---|---|---|---|---|---|
| r-devel-linux-x86_64-debian-clang | 0.94.1 | 11.33 | 111.20 | 122.53 | NOTE | |
| r-devel-linux-x86_64-debian-gcc | 0.94.1 | 7.56 | 76.65 | 84.21 | NOTE | |
| r-devel-linux-x86_64-fedora-clang | 0.94.1 | 27.00 | 164.03 | 191.03 | OK | |
| r-devel-linux-x86_64-fedora-gcc | 0.94.1 | 25.00 | 160.42 | 185.42 | OK | |
| r-devel-windows-x86_64 | 0.94.1 | 14.00 | 118.00 | 132.00 | NOTE | |
| r-patched-linux-x86_64 | 0.94.1 | 12.30 | 105.39 | 117.69 | NOTE | |
| r-release-linux-x86_64 | 0.94.1 | 10.97 | 105.67 | 116.64 | NOTE | |
| r-release-macos-arm64 | 0.94.1 | 6.00 | 49.00 | 55.00 | OK | |
| r-release-macos-x86_64 | 0.94.1 | 9.00 | 86.00 | 95.00 | OK | |
| r-release-windows-x86_64 | 0.94.1 | 12.00 | 112.00 | 124.00 | NOTE | |
| r-oldrel-macos-arm64 | 0.94.1 | 5.00 | 45.00 | 50.00 | OK | |
| r-oldrel-macos-x86_64 | 0.94.1 | 8.00 | 69.00 | 77.00 | OK | |
| r-oldrel-windows-x86_64 | 0.94.1 | 19.00 | 143.00 | 162.00 | OK |
Version: 0.94.1
Check: Rd cross-references
Result: NOTE
Found the following Rd file(s) with Rd \link{} targets missing package
anchors:
PSTf-class.Rd: TraMineR
cprob.Rd: TraMineR
generate.Rd: TraMineR
plot-PSTr.Rd: seqdef
pmine.Rd: TraMineR
Please provide package anchors for all Rd \link{} targets not in the
package itself and the base packages.
Flavors: r-devel-linux-x86_64-debian-clang, r-devel-linux-x86_64-debian-gcc, r-devel-windows-x86_64, r-patched-linux-x86_64, r-release-linux-x86_64, r-release-windows-x86_64