Last updated on 2025-04-29 06:49:52 CEST.
Flavor | Version | Tinstall | Tcheck | Ttotal | Status | Flags |
---|---|---|---|---|---|---|
r-devel-linux-x86_64-debian-clang | 0.3 | 4.34 | 39.20 | 43.54 | OK | |
r-devel-linux-x86_64-debian-gcc | 0.3 | 3.83 | 30.93 | 34.76 | NOTE | |
r-devel-linux-x86_64-fedora-clang | 0.3 | 68.76 | OK | |||
r-devel-linux-x86_64-fedora-gcc | 0.3 | 67.34 | OK | |||
r-devel-windows-x86_64 | 0.3 | 6.00 | 60.00 | 66.00 | OK | |
r-patched-linux-x86_64 | 0.3 | 4.74 | 38.07 | 42.81 | OK | |
r-release-linux-x86_64 | 0.3 | 5.17 | 38.10 | 43.27 | OK | |
r-release-macos-arm64 | 0.3 | 29.00 | OK | |||
r-release-macos-x86_64 | 0.3 | 42.00 | OK | |||
r-release-windows-x86_64 | 0.3 | 6.00 | 64.00 | 70.00 | OK | |
r-oldrel-macos-arm64 | 0.3 | 26.00 | OK | |||
r-oldrel-macos-x86_64 | 0.3 | 38.00 | OK | |||
r-oldrel-windows-x86_64 | 0.3 | 8.00 | 71.00 | 79.00 | OK |
Version: 0.3
Check: CRAN incoming feasibility
Result: NOTE
Maintainer: ‘Thiago Santos <thiago.santos@ufvjm.edu.br>’
No Authors@R field in DESCRIPTION.
Please add one, modifying
Authors@R: person(given = "Thiago",
family = "Santos",
role = c("aut", "cre"),
email = "thiago.santos@ufvjm.edu.br")
as necessary.
Flavor: r-devel-linux-x86_64-debian-gcc