Last updated on 2024-06-04 18:47:56 CEST.
Flavor | Version | Tinstall | Tcheck | Ttotal | Status | Flags |
---|---|---|---|---|---|---|
r-devel-linux-x86_64-debian-clang | 0.3.4 | 8.93 | 70.12 | 79.05 | NOTE | |
r-devel-linux-x86_64-debian-gcc | 0.3.4 | 6.40 | 50.75 | 57.15 | NOTE | |
r-devel-linux-x86_64-fedora-clang | 0.3.4 | 101.57 | NOTE | |||
r-devel-linux-x86_64-fedora-gcc | 0.3.4 | 104.31 | NOTE | |||
r-devel-windows-x86_64 | 0.3.4 | 8.00 | 72.00 | 80.00 | NOTE | |
r-patched-linux-x86_64 | 0.3.4 | 11.69 | 64.73 | 76.42 | NOTE | |
r-release-linux-x86_64 | 0.3.4 | 9.28 | 66.07 | 75.35 | NOTE | |
r-release-macos-arm64 | 0.3.4 | 33.00 | NOTE | |||
r-release-macos-x86_64 | 0.3.4 | 66.00 | NOTE | |||
r-release-windows-x86_64 | 0.3.4 | 8.00 | 71.00 | 79.00 | NOTE | |
r-oldrel-macos-arm64 | 0.3.4 | 38.00 | NOTE | |||
r-oldrel-macos-x86_64 | 0.3.4 | 48.00 | NOTE | |||
r-oldrel-windows-x86_64 | 0.3.4 | 10.00 | 83.00 | 93.00 | NOTE |
Version: 0.3.4
Check: LazyData
Result: NOTE
'LazyData' is specified without a 'data' directory
Flavors: r-devel-linux-x86_64-debian-clang, r-devel-linux-x86_64-debian-gcc, r-devel-linux-x86_64-fedora-clang, r-devel-linux-x86_64-fedora-gcc, r-devel-windows-x86_64, r-patched-linux-x86_64, r-release-linux-x86_64, r-release-macos-arm64, r-release-macos-x86_64, r-release-windows-x86_64, r-oldrel-macos-arm64, r-oldrel-macos-x86_64, r-oldrel-windows-x86_64