Last updated on 2025-11-12 19:51:58 CET.
| Flavor | Version | Tinstall | Tcheck | Ttotal | Status | Flags |
|---|---|---|---|---|---|---|
| r-devel-linux-x86_64-debian-clang | 1.7 | 13.54 | 155.94 | 169.48 | OK | |
| r-devel-linux-x86_64-debian-gcc | 1.7 | 9.33 | 112.62 | 121.95 | OK | |
| r-devel-linux-x86_64-fedora-clang | 1.7 | 27.00 | 270.68 | 297.68 | OK | |
| r-devel-linux-x86_64-fedora-gcc | 1.7 | 28.00 | 251.40 | 279.40 | OK | |
| r-devel-windows-x86_64 | 1.7 | 17.00 | 211.00 | 228.00 | OK | |
| r-patched-linux-x86_64 | 1.7 | 13.79 | 152.04 | 165.83 | OK | |
| r-release-linux-x86_64 | 1.7 | 12.88 | 148.12 | 161.00 | OK | |
| r-release-macos-arm64 | 1.7 | 6.00 | 72.00 | 78.00 | OK | |
| r-release-macos-x86_64 | 1.7 | 21.00 | 246.00 | 267.00 | OK | |
| r-release-windows-x86_64 | 1.7 | 16.00 | 201.00 | 217.00 | OK | |
| r-oldrel-macos-arm64 | 1.7 | 7.00 | 75.00 | 82.00 | NOTE | |
| r-oldrel-macos-x86_64 | 1.7 | 26.00 | 249.00 | 275.00 | NOTE | |
| r-oldrel-windows-x86_64 | 1.7 | 22.00 | 231.00 | 253.00 | NOTE |
Version: 1.7
Check: installed package size
Result: NOTE
installed size is 5.7Mb
sub-directories of 1Mb or more:
data 4.1Mb
doc 1.1Mb
Flavors: r-oldrel-macos-arm64, r-oldrel-macos-x86_64
Version: 1.7
Check: DESCRIPTION meta-information
Result: NOTE
Packages listed in more than one of Depends, Imports, Suggests, Enhances:
‘knitr’ ‘rmarkdown’
A package should be listed in only one of these fields.
Flavors: r-oldrel-macos-arm64, r-oldrel-macos-x86_64, r-oldrel-windows-x86_64