Last updated on 2025-02-22 07:51:43 CET.
Flavor | Version | Tinstall | Tcheck | Ttotal | Status | Flags |
---|---|---|---|---|---|---|
r-devel-linux-x86_64-debian-clang | 1.2.0 | 7.68 | 25.08 | 32.76 | OK | |
r-devel-linux-x86_64-debian-gcc | 1.2.0 | 5.01 | 21.37 | 26.38 | OK | |
r-devel-linux-x86_64-fedora-clang | 1.2.0 | 53.70 | OK | |||
r-devel-linux-x86_64-fedora-gcc | 1.2.0 | 65.01 | OK | |||
r-devel-macos-arm64 | 1.2.0 | 25.00 | OK | |||
r-devel-macos-x86_64 | 1.2.0 | 45.00 | OK | |||
r-devel-windows-x86_64 | 1.2.0 | 8.00 | 60.00 | 68.00 | OK | |
r-patched-linux-x86_64 | 1.2.0 | 6.86 | 24.39 | 31.25 | NOTE | |
r-release-linux-x86_64 | 1.2.0 | 6.63 | 24.06 | 30.69 | NOTE | |
r-release-macos-arm64 | 1.2.0 | 26.00 | NOTE | |||
r-release-macos-x86_64 | 1.2.0 | 44.00 | NOTE | |||
r-release-windows-x86_64 | 1.2.0 | 9.00 | 53.00 | 62.00 | NOTE | |
r-oldrel-macos-arm64 | 1.2.0 | 27.00 | NOTE | |||
r-oldrel-macos-x86_64 | 1.2.0 | 40.00 | NOTE | |||
r-oldrel-windows-x86_64 | 1.2.0 | 10.00 | 53.00 | 63.00 | NOTE |
Version: 1.2.0
Check: LazyData
Result: NOTE
'LazyData' is specified without a 'data' directory
Flavors: r-patched-linux-x86_64, r-release-linux-x86_64, r-release-macos-arm64, r-release-macos-x86_64, r-release-windows-x86_64, r-oldrel-macos-arm64, r-oldrel-macos-x86_64, r-oldrel-windows-x86_64