Last updated on 2025-02-22 07:51:43 CET.
Flavor | Version | Tinstall | Tcheck | Ttotal | Status | Flags |
---|---|---|---|---|---|---|
r-devel-linux-x86_64-debian-clang | 1.1 | 10.97 | 85.27 | 96.24 | OK | |
r-devel-linux-x86_64-debian-gcc | 1.1 | 7.76 | 58.56 | 66.32 | OK | |
r-devel-linux-x86_64-fedora-clang | 1.1 | 148.88 | OK | |||
r-devel-linux-x86_64-fedora-gcc | 1.1 | 143.24 | OK | |||
r-devel-macos-arm64 | 1.1 | 45.00 | OK | |||
r-devel-macos-x86_64 | 1.1 | 76.00 | OK | |||
r-devel-windows-x86_64 | 1.1 | 12.00 | 92.00 | 104.00 | OK | |
r-patched-linux-x86_64 | 1.1 | 11.59 | 77.72 | 89.31 | NOTE | |
r-release-linux-x86_64 | 1.1 | 9.88 | 77.41 | 87.29 | NOTE | |
r-release-macos-arm64 | 1.1 | 38.00 | NOTE | |||
r-release-macos-x86_64 | 1.1 | 61.00 | NOTE | |||
r-release-windows-x86_64 | 1.1 | 11.00 | 93.00 | 104.00 | NOTE | |
r-oldrel-macos-arm64 | 1.1 | 29.00 | NOTE | |||
r-oldrel-macos-x86_64 | 1.1 | 40.00 | NOTE | |||
r-oldrel-windows-x86_64 | 1.1 | 15.00 | 110.00 | 125.00 | NOTE |
Version: 1.1
Check: LazyData
Result: NOTE
'LazyData' is specified without a 'data' directory
Flavors: r-patched-linux-x86_64, r-release-linux-x86_64, r-release-macos-arm64, r-release-macos-x86_64, r-release-windows-x86_64, r-oldrel-macos-arm64, r-oldrel-macos-x86_64, r-oldrel-windows-x86_64