Last updated on 2025-11-12 19:51:59 CET.
| Flavor | Version | Tinstall | Tcheck | Ttotal | Status | Flags |
|---|---|---|---|---|---|---|
| r-devel-linux-x86_64-debian-clang | 0.1.4 | 5.68 | 49.33 | 55.01 | OK | |
| r-devel-linux-x86_64-debian-gcc | 0.1.4 | 3.44 | 37.45 | 40.89 | OK | |
| r-devel-linux-x86_64-fedora-clang | 0.1.4 | 19.00 | 66.67 | 85.67 | OK | |
| r-devel-linux-x86_64-fedora-gcc | 0.1.4 | 15.00 | 76.64 | 91.64 | OK | |
| r-devel-windows-x86_64 | 0.1.4 | 8.00 | 67.00 | 75.00 | OK | |
| r-patched-linux-x86_64 | 0.1.4 | 4.32 | 45.46 | 49.78 | OK | |
| r-release-linux-x86_64 | 0.1.4 | 4.79 | 44.22 | 49.01 | OK | |
| r-release-macos-arm64 | 0.1.4 | 3.00 | 33.00 | 36.00 | OK | |
| r-release-macos-x86_64 | 0.1.4 | 8.00 | 61.00 | 69.00 | OK | |
| r-release-windows-x86_64 | 0.1.4 | 8.00 | 61.00 | 69.00 | OK | |
| r-oldrel-macos-arm64 | 0.1.4 | 3.00 | 34.00 | 37.00 | NOTE | |
| r-oldrel-macos-x86_64 | 0.1.4 | 4.00 | 62.00 | 66.00 | NOTE | |
| r-oldrel-windows-x86_64 | 0.1.4 | 11.00 | 75.00 | 86.00 | NOTE |
Version: 0.1.4
Check: LazyData
Result: NOTE
'LazyData' is specified without a 'data' directory
Flavors: r-oldrel-macos-arm64, r-oldrel-macos-x86_64, r-oldrel-windows-x86_64