Last updated on 2025-10-21 18:50:01 CEST.
Flavor | Version | Tinstall | Tcheck | Ttotal | Status | Flags |
---|---|---|---|---|---|---|
r-devel-linux-x86_64-debian-clang | 0.9.9 | 8.16 | 95.36 | 103.52 | NOTE | |
r-devel-linux-x86_64-debian-gcc | 0.9.9 | 6.16 | 67.34 | 73.50 | NOTE | |
r-devel-linux-x86_64-fedora-clang | 0.9.9 | 32.00 | 131.93 | 163.93 | OK | |
r-devel-linux-x86_64-fedora-gcc | 0.9.9 | 17.00 | 146.01 | 163.01 | OK | |
r-devel-windows-x86_64 | 0.9.9 | 9.00 | 100.00 | 109.00 | OK | |
r-patched-linux-x86_64 | 0.9.9 | 6.86 | 86.89 | 93.75 | OK | |
r-release-linux-x86_64 | 0.9.9 | 7.55 | 88.83 | 96.38 | OK | |
r-release-macos-arm64 | 0.9.9 | 4.00 | 48.00 | 52.00 | OK | |
r-release-macos-x86_64 | 0.9.9 | 7.00 | 87.00 | 94.00 | OK | |
r-release-windows-x86_64 | 0.9.9 | 9.00 | 105.00 | 114.00 | OK | |
r-oldrel-macos-arm64 | 0.9.9 | 4.00 | 51.00 | 55.00 | OK | |
r-oldrel-macos-x86_64 | 0.9.9 | 10.00 | 95.00 | 105.00 | OK | |
r-oldrel-windows-x86_64 | 0.9.9 | 13.00 | 142.00 | 155.00 | OK |
Version: 0.9.9
Check: HTML version of manual
Result: NOTE
Found the following HTML validation problems:
checkbox_names.html:58:1 (checkbox_names.Rd:16): Warning: missing </ul> before </div>
fill_data.html:54:1 (fill_data.Rd:14): Warning: missing </ul> before </div>
recalculate.html:60:1 (recalculate.Rd:16): Warning: missing </ul> before </div>
split_event.html:58:1 (split_event.Rd:16): Warning: missing </ul> before </div>
split_form.html:62:1 (split_form.Rd:18): Warning: missing </ul> before </div>
to_factor.html:54:1 (to_factor.Rd:14): Warning: missing </ul> before </div>
transform_checkboxes.html:60:1 (transform_checkboxes.Rd:16): Warning: missing </ul> before </div>
Flavors: r-devel-linux-x86_64-debian-clang, r-devel-linux-x86_64-debian-gcc