Last updated on 2025-02-22 19:50:59 CET.
Flavor | Version | Tinstall | Tcheck | Ttotal | Status | Flags |
---|---|---|---|---|---|---|
r-devel-linux-x86_64-debian-clang | 1.0.5 | 2.34 | 15.67 | 18.01 | OK | |
r-devel-linux-x86_64-debian-gcc | 1.0.5 | 1.75 | 12.90 | 14.65 | OK | |
r-devel-linux-x86_64-fedora-gcc | 1.0.5 | 25.99 | OK | |||
r-devel-macos-arm64 | 1.0.5 | 14.00 | OK | |||
r-devel-macos-x86_64 | 1.0.5 | 23.00 | OK | |||
r-devel-windows-x86_64 | 1.0.5 | 8.00 | 33.00 | 41.00 | OK | |
r-patched-linux-x86_64 | 1.0.5 | 2.32 | 14.84 | 17.16 | OK | |
r-release-linux-x86_64 | 1.0.5 | 2.29 | 15.07 | 17.36 | OK | |
r-release-macos-arm64 | 1.0.5 | 13.00 | NOTE | |||
r-release-macos-x86_64 | 1.0.5 | 22.00 | NOTE | |||
r-release-windows-x86_64 | 1.0.5 | 8.00 | 34.00 | 42.00 | NOTE | |
r-oldrel-macos-arm64 | 1.0.5 | 13.00 | NOTE | |||
r-oldrel-macos-x86_64 | 1.0.5 | 17.00 | NOTE | |||
r-oldrel-windows-x86_64 | 1.0.5 | 9.00 | 33.00 | 42.00 | NOTE |
Version: 1.0.5
Check: installed package size
Result: NOTE
installed size is 10.3Mb
sub-directories of 1Mb or more:
datasets 10.2Mb
Flavors: r-release-macos-arm64, r-release-macos-x86_64, r-release-windows-x86_64, r-oldrel-macos-arm64, r-oldrel-macos-x86_64, r-oldrel-windows-x86_64