CRAN Package Check Results for Package ROI.plugin.clarabel

Last updated on 2025-07-28 19:50:49 CEST.

Flavor Version Tinstall Tcheck Ttotal Status Flags
r-devel-linux-x86_64-debian-clang 0.3 9.66 126.29 135.95 NOTE
r-devel-linux-x86_64-debian-gcc 0.3 6.31 79.05 85.36 NOTE
r-devel-linux-x86_64-fedora-clang 0.3 222.53 OK
r-devel-linux-x86_64-fedora-gcc 0.3 209.49 OK
r-devel-windows-x86_64 0.3 11.00 118.00 129.00 OK
r-patched-linux-x86_64 0.3 10.07 117.29 127.36 OK
r-release-linux-x86_64 0.3 8.50 116.49 124.99 OK
r-release-macos-arm64 0.3 48.00 OK
r-release-macos-x86_64 0.3 94.00 OK
r-release-windows-x86_64 0.3 9.00 108.00 117.00 OK
r-oldrel-macos-arm64 0.3 43.00 OK
r-oldrel-macos-x86_64 0.3 74.00 OK
r-oldrel-windows-x86_64 0.3 8.00 142.00 150.00 OK

Check Details

Version: 0.3
Check: CRAN incoming feasibility
Result: NOTE Maintainer: ‘Benjamin Schwendinger <benjaminschwe@gmail.com>’ No Authors@R field in DESCRIPTION. Please add one, modifying Authors@R: person(given = "Benjamin", family = "Schwendinger", role = c("aut", "cre"), email = "benjaminschwe@gmail.com") as necessary. Flavors: r-devel-linux-x86_64-debian-clang, r-devel-linux-x86_64-debian-gcc