Last updated on 2025-02-21 06:49:53 CET.
Flavor | Version | Tinstall | Tcheck | Ttotal | Status | Flags |
---|---|---|---|---|---|---|
r-devel-linux-x86_64-debian-clang | 0.4-17 | 70.21 | 46.72 | 116.93 | NOTE | |
r-devel-linux-x86_64-debian-gcc | 0.4-17 | 52.67 | 33.77 | 86.44 | NOTE | |
r-devel-linux-x86_64-fedora-clang | 0.4-17 | 323.11 | OK | |||
r-devel-linux-x86_64-fedora-gcc | 0.4-17 | 214.13 | OK | |||
r-devel-macos-arm64 | 0.4-17 | 55.00 | OK | |||
r-devel-macos-x86_64 | 0.4-17 | 73.00 | OK | |||
r-devel-windows-x86_64 | 0.4-17 | 92.00 | 102.00 | 194.00 | OK | |
r-patched-linux-x86_64 | 0.4-17 | 78.52 | 43.12 | 121.64 | OK | |
r-release-linux-x86_64 | 0.4-17 | 74.57 | 42.59 | 117.16 | OK | |
r-release-macos-arm64 | 0.4-17 | 54.00 | NOTE | |||
r-release-macos-x86_64 | 0.4-17 | 66.00 | NOTE | |||
r-release-windows-x86_64 | 0.4-17 | 86.00 | 107.00 | 193.00 | OK | |
r-oldrel-macos-arm64 | 0.4-17 | 75.00 | NOTE | |||
r-oldrel-macos-x86_64 | 0.4-17 | 95.00 | NOTE | |||
r-oldrel-windows-x86_64 | 0.4-17 | 91.00 | 110.00 | 201.00 | OK |
Version: 0.4-17
Check: for unstated dependencies in ‘demo’
Result: NOTE
'library' or 'require' call not declared from: ‘plot3D’
Flavors: r-devel-linux-x86_64-debian-clang, r-devel-linux-x86_64-debian-gcc
Version: 0.4-17
Check: installed package size
Result: NOTE
installed size is 7.2Mb
sub-directories of 1Mb or more:
libs 6.2Mb
Flavors: r-release-macos-arm64, r-release-macos-x86_64, r-oldrel-macos-arm64, r-oldrel-macos-x86_64