Last updated on 2025-02-21 19:50:39 CET.
Flavor | Version | Tinstall | Tcheck | Ttotal | Status | Flags |
---|---|---|---|---|---|---|
r-devel-linux-x86_64-debian-clang | 2.3.9 | 136.87 | 68.59 | 205.46 | OK | |
r-devel-linux-x86_64-debian-gcc | 2.3.9 | 128.24 | 48.77 | 177.01 | OK | |
r-devel-linux-x86_64-fedora-clang | 2.3.9 | 384.22 | OK | |||
r-devel-linux-x86_64-fedora-gcc | 2.3.9 | 454.57 | OK | |||
r-devel-macos-arm64 | 2.3.9 | 105.00 | OK | |||
r-devel-macos-x86_64 | 2.3.9 | 206.00 | OK | |||
r-devel-windows-x86_64 | 2.3.9 | 212.00 | 112.00 | 324.00 | OK | |
r-patched-linux-x86_64 | 2.3.9 | 176.53 | 64.61 | 241.14 | OK | |
r-release-linux-x86_64 | 2.3.9 | 173.67 | 65.13 | 238.80 | OK | |
r-release-macos-arm64 | 2.3.9 | 103.00 | NOTE | |||
r-release-macos-x86_64 | 2.3.9 | 175.00 | NOTE | |||
r-release-windows-x86_64 | 2.3.9 | 216.00 | 114.00 | 330.00 | OK | |
r-oldrel-macos-arm64 | 2.3.9 | 103.00 | NOTE | |||
r-oldrel-macos-x86_64 | 2.3.9 | 167.00 | NOTE | |||
r-oldrel-windows-x86_64 | 2.3.9 | 231.00 | 135.00 | 366.00 | OK |
Version: 2.3.9
Check: installed package size
Result: NOTE
installed size is 12.5Mb
sub-directories of 1Mb or more:
libs 11.7Mb
Flavors: r-release-macos-arm64, r-release-macos-x86_64, r-oldrel-macos-arm64, r-oldrel-macos-x86_64