Last updated on 2025-11-11 18:50:05 CET.
| Flavor | Version | Tinstall | Tcheck | Ttotal | Status | Flags |
|---|---|---|---|---|---|---|
| r-devel-linux-x86_64-debian-clang | 0.3.0 | 39.40 | 190.17 | 229.57 | OK | |
| r-devel-linux-x86_64-debian-gcc | 0.3.0 | 25.88 | 136.97 | 162.85 | OK | |
| r-devel-linux-x86_64-fedora-clang | 0.3.0 | 87.00 | 272.77 | 359.77 | OK | |
| r-devel-linux-x86_64-fedora-gcc | 0.3.0 | 93.00 | 256.34 | 349.34 | OK | |
| r-devel-windows-x86_64 | 0.3.0 | 32.00 | 176.00 | 208.00 | OK | |
| r-patched-linux-x86_64 | 0.3.0 | 38.89 | 182.67 | 221.56 | OK | |
| r-release-linux-x86_64 | 0.3.0 | 39.01 | 182.40 | 221.41 | OK | |
| r-release-macos-arm64 | 0.3.0 | 13.00 | 64.00 | 77.00 | OK | |
| r-release-macos-x86_64 | 0.3.0 | 28.00 | 142.00 | 170.00 | OK | |
| r-release-windows-x86_64 | 0.3.0 | 31.00 | 168.00 | 199.00 | OK | |
| r-oldrel-macos-arm64 | 0.3.0 | 12.00 | 69.00 | 81.00 | NOTE | |
| r-oldrel-macos-x86_64 | 0.3.0 | 27.00 | 152.00 | 179.00 | NOTE | |
| r-oldrel-windows-x86_64 | 0.3.0 | 45.00 | 222.00 | 267.00 | NOTE |
Version: 0.3.0
Check: package dependencies
Result: NOTE
Package suggested but not available for checking: ‘cmdstanr’
Flavors: r-oldrel-macos-arm64, r-oldrel-macos-x86_64, r-oldrel-windows-x86_64