Last updated on 2025-11-11 18:50:03 CET.
| Flavor | Version | Tinstall | Tcheck | Ttotal | Status | Flags |
|---|---|---|---|---|---|---|
| r-devel-linux-x86_64-debian-clang | 3.0.0 | 25.26 | 347.83 | 373.09 | NOTE | |
| r-devel-linux-x86_64-debian-gcc | 3.0.0 | 15.50 | 221.67 | 237.17 | NOTE | |
| r-devel-linux-x86_64-fedora-clang | 3.0.0 | 60.00 | 536.96 | 596.96 | OK | |
| r-devel-linux-x86_64-fedora-gcc | 3.0.0 | 51.00 | 536.88 | 587.88 | OK | |
| r-devel-windows-x86_64 | 3.0.0 | 23.00 | 293.00 | 316.00 | OK | |
| r-patched-linux-x86_64 | 3.0.0 | 22.14 | 329.84 | 351.98 | OK | |
| r-release-linux-x86_64 | 3.0.0 | 24.05 | 331.86 | 355.91 | OK | |
| r-release-macos-arm64 | 3.0.0 | 11.00 | 98.00 | 109.00 | OK | |
| r-release-macos-x86_64 | 3.0.0 | 27.00 | 216.00 | 243.00 | OK | |
| r-release-windows-x86_64 | 3.0.0 | 23.00 | 290.00 | 313.00 | OK | |
| r-oldrel-macos-arm64 | 3.0.0 | 11.00 | 99.00 | 110.00 | NOTE | |
| r-oldrel-macos-x86_64 | 3.0.0 | 24.00 | 163.00 | 187.00 | NOTE | |
| r-oldrel-windows-x86_64 | 3.0.0 | 34.00 | 369.00 | 403.00 | OK |
Version: 3.0.0
Check: CRAN incoming feasibility
Result: NOTE
Maintainer: ‘Ye Tian <ye.t@columbia.edu>’
No Authors@R field in DESCRIPTION.
Please add one, modifying
Authors@R: c(person(given = "Ye",
family = "Tian",
role = c("aut", "cre"),
email = "ye.t@columbia.edu"),
person(given = "Yang",
family = "Feng",
role = "aut"))
as necessary.
Flavors: r-devel-linux-x86_64-debian-clang, r-devel-linux-x86_64-debian-gcc
Version: 3.0.0
Check: installed package size
Result: NOTE
installed size is 5.2Mb
sub-directories of 1Mb or more:
data 4.5Mb
Flavors: r-oldrel-macos-arm64, r-oldrel-macos-x86_64