Last updated on 2025-02-21 19:50:37 CET.
Flavor | Version | Tinstall | Tcheck | Ttotal | Status | Flags |
---|---|---|---|---|---|---|
r-devel-linux-x86_64-debian-clang | 0.3.9 | 35.56 | 300.34 | 335.90 | OK | |
r-devel-linux-x86_64-debian-gcc | 0.3.9 | 25.51 | 200.71 | 226.22 | OK | |
r-devel-linux-x86_64-fedora-clang | 0.3.9 | 592.02 | OK | |||
r-devel-linux-x86_64-fedora-gcc | 0.3.9 | 597.92 | OK | |||
r-devel-macos-arm64 | 0.3.9 | 205.00 | OK | |||
r-devel-macos-x86_64 | 0.3.9 | 432.00 | OK | |||
r-devel-windows-x86_64 | 0.3.9 | 42.00 | 433.00 | 475.00 | OK | |
r-patched-linux-x86_64 | 0.3.9 | 37.00 | 283.59 | 320.59 | OK | |
r-release-linux-x86_64 | 0.3.9 | 35.79 | 284.15 | 319.94 | OK | |
r-release-macos-arm64 | 0.3.9 | 193.00 | NOTE | |||
r-release-macos-x86_64 | 0.3.9 | 294.00 | NOTE | |||
r-release-windows-x86_64 | 0.3.9 | 42.00 | 437.00 | 479.00 | NOTE | |
r-oldrel-macos-arm64 | 0.3.9 | 188.00 | NOTE | |||
r-oldrel-macos-x86_64 | 0.3.9 | 331.00 | NOTE | |||
r-oldrel-windows-x86_64 | 0.3.9 | 51.00 | 524.00 | 575.00 | NOTE |
Version: 0.3.9
Check: installed package size
Result: NOTE
installed size is 10.9Mb
sub-directories of 1Mb or more:
data 2.1Mb
doc 6.6Mb
libs 1.3Mb
Flavors: r-release-macos-arm64, r-release-macos-x86_64, r-release-windows-x86_64, r-oldrel-macos-arm64, r-oldrel-macos-x86_64, r-oldrel-windows-x86_64
Version: 0.3.9
Check: package dependencies
Result: NOTE
Packages suggested but not available for checking: 'batchelor', 'slingshot'
Flavors: r-oldrel-macos-arm64, r-oldrel-macos-x86_64