Last updated on 2024-06-04 18:47:57 CEST.
Flavor | Version | Tinstall | Tcheck | Ttotal | Status | Flags |
---|---|---|---|---|---|---|
r-devel-linux-x86_64-debian-clang | 0.2.2 | 16.45 | 127.51 | 143.96 | NOTE | |
r-devel-linux-x86_64-debian-gcc | 0.2.2 | 12.46 | 95.19 | 107.65 | NOTE | |
r-devel-linux-x86_64-fedora-clang | 0.2.2 | 179.44 | NOTE | |||
r-devel-linux-x86_64-fedora-gcc | 0.2.2 | 164.32 | NOTE | |||
r-devel-windows-x86_64 | 0.2.2 | 13.00 | 103.00 | 116.00 | NOTE | |
r-patched-linux-x86_64 | 0.2.2 | 10.05 | 122.73 | 132.78 | NOTE | |
r-release-linux-x86_64 | 0.2.2 | 11.23 | 119.69 | 130.92 | NOTE | |
r-release-macos-arm64 | 0.2.2 | 51.00 | NOTE | |||
r-release-windows-x86_64 | 0.2.2 | 13.00 | 102.00 | 115.00 | NOTE | |
r-oldrel-macos-arm64 | 0.2.2 | 53.00 | NOTE | |||
r-oldrel-macos-x86_64 | 0.2.2 | 90.00 | NOTE | |||
r-oldrel-windows-x86_64 | 0.2.2 | 17.00 | 124.00 | 141.00 | NOTE |
Version: 0.2.2
Check: LazyData
Result: NOTE
'LazyData' is specified without a 'data' directory
Flavors: r-devel-linux-x86_64-debian-clang, r-devel-linux-x86_64-debian-gcc, r-devel-linux-x86_64-fedora-clang, r-devel-linux-x86_64-fedora-gcc, r-devel-windows-x86_64, r-patched-linux-x86_64, r-release-linux-x86_64, r-release-macos-arm64, r-release-windows-x86_64, r-oldrel-macos-arm64, r-oldrel-macos-x86_64, r-oldrel-windows-x86_64