CRAN Package Check Results for Package RankAggregator

Last updated on 2025-04-29 06:49:52 CEST.

Flavor Version Tinstall Tcheck Ttotal Status Flags
r-devel-linux-x86_64-debian-clang 0.0.1 2.15 18.49 20.64 OK
r-devel-linux-x86_64-debian-gcc 0.0.1 1.49 15.47 16.96 NOTE
r-devel-linux-x86_64-fedora-clang 0.0.1 32.76 OK
r-devel-linux-x86_64-fedora-gcc 0.0.1 30.65 OK
r-devel-windows-x86_64 0.0.1 3.00 40.00 43.00 OK
r-patched-linux-x86_64 0.0.1 2.16 18.10 20.26 OK
r-release-linux-x86_64 0.0.1 2.00 18.08 20.08 OK
r-release-macos-arm64 0.0.1 14.00 OK
r-release-macos-x86_64 0.0.1 23.00 OK
r-release-windows-x86_64 0.0.1 2.00 44.00 46.00 OK
r-oldrel-macos-arm64 0.0.1 14.00 OK
r-oldrel-macos-x86_64 0.0.1 20.00 OK
r-oldrel-windows-x86_64 0.0.1 3.00 43.00 46.00 OK

Check Details

Version: 0.0.1
Check: CRAN incoming feasibility
Result: NOTE Maintainer: ‘Jay Burns <jay.burns@sruc.ac.uk>’ Package CITATION file contains call(s) to old-style citEntry(). Please use bibentry() instead. Flavor: r-devel-linux-x86_64-debian-gcc