Last updated on 2025-10-27 06:48:58 CET.
| Flavor | Version | Tinstall | Tcheck | Ttotal | Status | Flags |
|---|---|---|---|---|---|---|
| r-devel-linux-x86_64-debian-clang | 0.98.0 | 45.39 | 61.30 | 106.69 | NOTE | |
| r-devel-linux-x86_64-debian-gcc | 0.98.0 | 35.01 | 47.20 | 82.21 | NOTE | |
| r-devel-linux-x86_64-fedora-clang | 0.98.0 | 91.00 | WARN | |||
| r-devel-linux-x86_64-fedora-gcc | 0.98.0 | 88.00 | 110.86 | 198.86 | OK | |
| r-devel-windows-x86_64 | 0.98.0 | 56.00 | 137.00 | 193.00 | OK | |
| r-patched-linux-x86_64 | 0.98.0 | 51.12 | 61.58 | 112.70 | OK | |
| r-release-linux-x86_64 | 0.98.0 | 49.60 | 61.50 | 111.10 | OK | |
| r-release-macos-arm64 | 0.98.0 | 22.00 | 50.00 | 72.00 | OK | |
| r-release-macos-x86_64 | 0.98.0 | 23.00 | 108.00 | 131.00 | OK | |
| r-release-windows-x86_64 | 0.98.0 | 56.00 | 137.00 | 193.00 | OK | |
| r-oldrel-macos-arm64 | 0.98.0 | 18.00 | 39.00 | 57.00 | NOTE | |
| r-oldrel-macos-x86_64 | 0.98.0 | 20.00 | 78.00 | 98.00 | NOTE | |
| r-oldrel-windows-x86_64 | 0.98.0 | 70.00 | 159.00 | 229.00 | OK |
Version: 0.98.0
Check: CRAN incoming feasibility
Result: NOTE
Maintainer: ‘Quentin Grimonprez <quentingrim@yahoo.fr>’
Package CITATION file contains call(s) to old-style citEntry(). Please
use bibentry() instead.
Flavors: r-devel-linux-x86_64-debian-clang, r-devel-linux-x86_64-debian-gcc
Version: 0.98.0
Check: re-building of vignette outputs
Result: WARN
Error(s) in re-building vignettes:
--- re-building ‘dataFormat.Rmd’ using rmarkdown
[WARNING] Deprecated: --highlight-style. Use --syntax-highlighting instead.
--- finished re-building ‘dataFormat.Rmd’
--- re-building ‘Rankcluster.Rnw’ using Sweave
Error: processing vignette 'Rankcluster.Rnw' failed with diagnostics:
Running 'texi2dvi' on 'Rankcluster.tex' failed.
LaTeX errors:
! LaTeX Error: Mismatched LaTeX support files detected.
(LaTeX) Loading 'expl3.sty' aborted!
(LaTeX)
(LaTeX) The L3 programming layer in the LaTeX format
(LaTeX) is dated 2025-09-02, but in your TeX tree the files require
! Emergency stop.
...
l.78 \ExplLoaderFileDate{expl3.sty}}
%
! ==> Fatal error occurred, no output PDF file produced!
--- failed re-building ‘Rankcluster.Rnw’
SUMMARY: processing the following file failed:
‘Rankcluster.Rnw’
Error: Vignette re-building failed.
Execution halted
Flavor: r-devel-linux-x86_64-fedora-clang
Version: 0.98.0
Check: installed package size
Result: NOTE
installed size is 5.2Mb
sub-directories of 1Mb or more:
libs 4.5Mb
Flavors: r-oldrel-macos-arm64, r-oldrel-macos-x86_64