Last updated on 2025-11-11 07:51:40 CET.
| Flavor | Version | Tinstall | Tcheck | Ttotal | Status | Flags |
|---|---|---|---|---|---|---|
| r-devel-linux-x86_64-debian-clang | 0.3-11 | 190.80 | 35.41 | 226.21 | OK | |
| r-devel-linux-x86_64-debian-gcc | 0.3-11 | 124.13 | 27.46 | 151.59 | OK | |
| r-devel-linux-x86_64-fedora-clang | 0.3-11 | 462.00 | 15.93 | 477.93 | OK | |
| r-devel-linux-x86_64-fedora-gcc | 0.3-11 | 471.00 | -49.01 | 421.99 | OK | |
| r-devel-windows-x86_64 | 0.3-11 | 211.00 | 89.00 | 300.00 | OK | |
| r-patched-linux-x86_64 | 0.3-11 | 182.68 | 33.91 | 216.59 | OK | |
| r-release-linux-x86_64 | 0.3-11 | 181.95 | 33.96 | 215.91 | OK | |
| r-release-macos-arm64 | 0.3-11 | 62.00 | 28.00 | 90.00 | OK | |
| r-release-macos-x86_64 | 0.3-11 | 50.00 | 49.00 | 99.00 | OK | |
| r-release-windows-x86_64 | 0.3-11 | 208.00 | 83.00 | 291.00 | OK | |
| r-oldrel-macos-arm64 | 0.3-11 | 62.00 | 32.00 | 94.00 | NOTE | |
| r-oldrel-macos-x86_64 | 0.3-11 | 71.00 | 68.00 | 139.00 | NOTE | |
| r-oldrel-windows-x86_64 | 0.3-11 | 212.00 | 102.00 | 314.00 | OK |
Version: 0.3-11
Check: installed package size
Result: NOTE
installed size is 14.3Mb
sub-directories of 1Mb or more:
libs 14.0Mb
Flavors: r-oldrel-macos-arm64, r-oldrel-macos-x86_64