Last updated on 2025-04-29 06:49:52 CEST.
Flavor | Version | Tinstall | Tcheck | Ttotal | Status | Flags |
---|---|---|---|---|---|---|
r-devel-linux-x86_64-debian-clang | 0.2.3 | 17.87 | 32.00 | 49.87 | OK | |
r-devel-linux-x86_64-debian-gcc | 0.2.3 | 13.93 | 26.16 | 40.09 | OK | |
r-devel-linux-x86_64-fedora-clang | 0.2.3 | 81.97 | NOTE | |||
r-devel-linux-x86_64-fedora-gcc | 0.2.3 | 92.71 | NOTE | |||
r-devel-windows-x86_64 | 0.2.3 | 28.00 | 91.00 | 119.00 | OK | |
r-patched-linux-x86_64 | 0.2.3 | 18.28 | 30.71 | 48.99 | OK | |
r-release-linux-x86_64 | 0.2.3 | 18.14 | 30.87 | 49.01 | OK | |
r-release-macos-arm64 | 0.2.3 | 39.00 | OK | |||
r-release-macos-x86_64 | 0.2.3 | 65.00 | OK | |||
r-release-windows-x86_64 | 0.2.3 | 28.00 | 89.00 | 117.00 | OK | |
r-oldrel-macos-arm64 | 0.2.3 | 50.00 | OK | |||
r-oldrel-macos-x86_64 | 0.2.3 | 81.00 | OK | |||
r-oldrel-windows-x86_64 | 0.2.3 | 31.00 | 90.00 | 121.00 | OK |
Version: 0.2.3
Check: dependencies in R code
Result: NOTE
Namespace in Imports field not imported from: ‘stats’
All declared Imports should be used.
Flavors: r-devel-linux-x86_64-fedora-clang, r-devel-linux-x86_64-fedora-gcc