Last updated on 2025-02-21 06:49:52 CET.
Flavor | Version | Tinstall | Tcheck | Ttotal | Status | Flags |
---|---|---|---|---|---|---|
r-devel-linux-x86_64-debian-clang | 1.0.1 | 79.32 | 138.56 | 217.88 | OK | |
r-devel-linux-x86_64-debian-gcc | 1.0.1 | 53.78 | 97.73 | 151.51 | OK | |
r-devel-linux-x86_64-fedora-clang | 1.0.1 | 401.50 | OK | |||
r-devel-linux-x86_64-fedora-gcc | 1.0.1 | 370.40 | OK | |||
r-devel-macos-arm64 | 1.0.1 | 75.00 | OK | |||
r-devel-macos-x86_64 | 1.0.1 | 195.00 | OK | |||
r-devel-windows-x86_64 | 1.0.1 | 117.00 | 224.00 | 341.00 | OK | |
r-patched-linux-x86_64 | 1.0.1 | 75.36 | 128.91 | 204.27 | OK | |
r-release-linux-x86_64 | 1.0.1 | 68.85 | 128.40 | 197.25 | OK | |
r-release-macos-arm64 | 1.0.1 | 79.00 | NOTE | |||
r-release-macos-x86_64 | 1.0.1 | 123.00 | NOTE | |||
r-release-windows-x86_64 | 1.0.1 | 118.00 | 198.00 | 316.00 | NOTE | |
r-oldrel-macos-arm64 | 1.0.1 | 78.00 | NOTE | |||
r-oldrel-macos-x86_64 | 1.0.1 | 214.00 | NOTE | |||
r-oldrel-windows-x86_64 | 1.0.1 | 104.00 | 209.00 | 313.00 | NOTE |
Version: 1.0.1
Check: installed package size
Result: NOTE
installed size is 39.7Mb
sub-directories of 1Mb or more:
include 37.8Mb
libs 1.8Mb
Flavors: r-release-macos-arm64, r-release-macos-x86_64, r-release-windows-x86_64, r-oldrel-macos-arm64, r-oldrel-macos-x86_64, r-oldrel-windows-x86_64