Last updated on 2025-02-22 07:51:44 CET.
Flavor | Version | Tinstall | Tcheck | Ttotal | Status | Flags |
---|---|---|---|---|---|---|
r-devel-linux-x86_64-debian-clang | 1.2.3 | 31.77 | 272.75 | 304.52 | OK | |
r-devel-linux-x86_64-debian-gcc | 1.2.3 | 25.92 | 191.12 | 217.04 | OK | |
r-devel-linux-x86_64-fedora-clang | 1.2.3 | 496.83 | OK | |||
r-devel-linux-x86_64-fedora-gcc | 1.2.3 | 466.49 | OK | |||
r-devel-macos-arm64 | 1.2.3 | 117.00 | OK | |||
r-devel-macos-x86_64 | 1.2.3 | 288.00 | OK | |||
r-devel-windows-x86_64 | 1.2.3 | 33.00 | 218.00 | 251.00 | OK | |
r-patched-linux-x86_64 | 1.2.3 | 31.52 | 246.38 | 277.90 | OK | |
r-release-linux-x86_64 | 1.2.3 | 32.41 | 248.36 | 280.77 | OK | |
r-release-macos-arm64 | 1.2.3 | 125.00 | NOTE | |||
r-release-macos-x86_64 | 1.2.3 | 264.00 | NOTE | |||
r-release-windows-x86_64 | 1.2.3 | 32.00 | 213.00 | 245.00 | OK | |
r-oldrel-macos-arm64 | 1.2.2 | 136.00 | NOTE | |||
r-oldrel-macos-x86_64 | 1.2.3 | 235.00 | NOTE | |||
r-oldrel-windows-x86_64 | 1.2.3 | 42.00 | 291.00 | 333.00 | OK |
Version: 1.2.3
Check: package dependencies
Result: NOTE
Packages suggested but not available for checking:
'affydata', 'hgu95av2cdf', 'beadarrayExampleData',
'illuminaHumanv3.db'
Flavors: r-release-macos-arm64, r-oldrel-macos-x86_64
Version: 1.2.3
Check: package dependencies
Result: NOTE
Package suggested but not available for checking: ‘illuminaHumanv3.db’
Flavor: r-release-macos-x86_64
Version: 1.2.2
Check: package dependencies
Result: NOTE
Packages suggested but not available for checking:
'affydata', 'hgu95av2cdf', 'beadarrayExampleData',
'illuminaHumanv3.db'
Flavor: r-oldrel-macos-arm64