Last updated on 2024-06-04 18:47:58 CEST.
Flavor | Version | Tinstall | Tcheck | Ttotal | Status | Flags |
---|---|---|---|---|---|---|
r-devel-linux-x86_64-debian-clang | 3.10.3 | 25.05 | 168.64 | 193.69 | NOTE | |
r-devel-linux-x86_64-debian-gcc | 3.10.3 | 19.83 | 122.73 | 142.56 | NOTE | |
r-devel-linux-x86_64-fedora-clang | 3.10.3 | 256.02 | NOTE | |||
r-devel-linux-x86_64-fedora-gcc | 3.10.3 | 230.53 | NOTE | |||
r-devel-windows-x86_64 | 3.10.3 | 22.00 | 129.00 | 151.00 | NOTE | |
r-patched-linux-x86_64 | 3.10.3 | 15.88 | 158.49 | 174.37 | NOTE | |
r-release-linux-x86_64 | 3.10.3 | 18.78 | 163.06 | 181.84 | NOTE | |
r-release-macos-arm64 | 3.10.3 | 60.00 | NOTE | |||
r-release-windows-x86_64 | 3.10.3 | 21.00 | 131.00 | 152.00 | NOTE | |
r-oldrel-macos-arm64 | 3.10.3 | 75.00 | OK | |||
r-oldrel-macos-x86_64 | 3.10.3 | 142.00 | OK | |||
r-oldrel-windows-x86_64 | 3.10.3 | 28.00 | 163.00 | 191.00 | OK |
Version: 3.10.3
Check: Rd files
Result: NOTE
checkRd: (-1) hyper_names.Rd:37-38: Lost braces in \itemize; meant \describe ?
checkRd: (-1) hyper_names.Rd:39-41: Lost braces in \itemize; meant \describe ?
checkRd: (-1) hyper_names.Rd:42-44: Lost braces in \itemize; meant \describe ?
checkRd: (-1) hyper_names.Rd:45-47: Lost braces in \itemize; meant \describe ?
Flavors: r-devel-linux-x86_64-debian-clang, r-devel-linux-x86_64-debian-gcc, r-devel-linux-x86_64-fedora-clang, r-devel-linux-x86_64-fedora-gcc, r-devel-windows-x86_64, r-patched-linux-x86_64, r-release-linux-x86_64, r-release-macos-arm64, r-release-windows-x86_64