Last updated on 2025-11-12 07:51:02 CET.
| Flavor | Version | Tinstall | Tcheck | Ttotal | Status | Flags |
|---|---|---|---|---|---|---|
| r-devel-linux-x86_64-debian-clang | 0.3.10 | 51.88 | 134.48 | 186.36 | OK | |
| r-devel-linux-x86_64-debian-gcc | 0.3.10 | 37.53 | 95.02 | 132.55 | OK | |
| r-devel-linux-x86_64-fedora-clang | 0.3.10 | 100.00 | 201.35 | 301.35 | OK | |
| r-devel-linux-x86_64-fedora-gcc | 0.3.10 | 109.00 | 182.55 | 291.55 | OK | |
| r-devel-windows-x86_64 | 0.3.10 | 57.00 | 145.00 | 202.00 | OK | |
| r-patched-linux-x86_64 | 0.3.10 | 54.53 | 123.82 | 178.35 | OK | |
| r-release-linux-x86_64 | 0.3.10 | 50.09 | 123.59 | 173.68 | OK | |
| r-release-macos-arm64 | 0.3.10 | 22.00 | 48.00 | 70.00 | OK | |
| r-release-macos-x86_64 | 0.3.10 | 39.00 | 126.00 | 165.00 | OK | |
| r-release-windows-x86_64 | 0.3.10 | 60.00 | 142.00 | 202.00 | OK | |
| r-oldrel-macos-arm64 | 0.3.10 | 20.00 | 42.00 | 62.00 | NOTE | |
| r-oldrel-macos-x86_64 | 0.3.10 | 31.00 | 82.00 | 113.00 | NOTE | |
| r-oldrel-windows-x86_64 | 0.3.10 | 74.00 | 180.00 | 254.00 | OK |
Version: 0.3.10
Check: installed package size
Result: NOTE
installed size is 5.5Mb
sub-directories of 1Mb or more:
libs 5.3Mb
Flavors: r-oldrel-macos-arm64, r-oldrel-macos-x86_64