Last updated on 2025-10-21 18:50:03 CEST.
Flavor | Version | Tinstall | Tcheck | Ttotal | Status | Flags |
---|---|---|---|---|---|---|
r-devel-linux-x86_64-debian-clang | 0.3.10 | 53.44 | 133.00 | 186.44 | NOTE | |
r-devel-linux-x86_64-debian-gcc | 0.3.10 | 35.23 | 94.67 | 129.90 | NOTE | |
r-devel-linux-x86_64-fedora-clang | 0.3.10 | 310.00 | 22.56 | 332.56 | OK | |
r-devel-linux-x86_64-fedora-gcc | 0.3.10 | 112.00 | 189.20 | 301.20 | OK | |
r-devel-windows-x86_64 | 0.3.10 | 59.00 | 147.00 | 206.00 | OK | |
r-patched-linux-x86_64 | 0.3.10 | 54.32 | 124.57 | 178.89 | OK | |
r-release-linux-x86_64 | 0.3.10 | 56.14 | 125.26 | 181.40 | OK | |
r-release-macos-arm64 | 0.3.10 | 22.00 | 48.00 | 70.00 | OK | |
r-release-macos-x86_64 | 0.3.10 | 39.00 | 126.00 | 165.00 | OK | |
r-release-windows-x86_64 | 0.3.10 | 59.00 | 143.00 | 202.00 | OK | |
r-oldrel-macos-arm64 | 0.3.10 | 20.00 | 42.00 | 62.00 | NOTE | |
r-oldrel-macos-x86_64 | 0.3.10 | 31.00 | 82.00 | 113.00 | NOTE | |
r-oldrel-windows-x86_64 | 0.3.10 | 74.00 | 189.00 | 263.00 | OK |
Version: 0.3.10
Check: HTML version of manual
Result: NOTE
Found the following HTML validation problems:
anova.phylopars.lm.html:57:1 (anova.phylopars.lm.Rd:17): Warning: missing </ul> before </div>
logLik.phylopars.html:57:1 (logLik.phylopars.Rd:17): Warning: missing </ul> before </div>
logLik.phylopars.lm.html:57:1 (logLik.phylopars.lm.Rd:17): Warning: missing </ul> before </div>
print.SSC.html:57:1 (print.SSC.Rd:17): Warning: missing </ul> before </div>
print.phylopars.html:57:1 (print.phylopars.Rd:17): Warning: missing </ul> before </div>
print.phylopars.lm.html:57:1 (print.phylopars.lm.Rd:17): Warning: missing </ul> before </div>
summary.phylopars.html:57:1 (summary.phylopars.Rd:18): Warning: missing </ul> before </div>
summary.phylopars.lm.html:57:1 (summary.phylopars.lm.Rd:18): Warning: missing </ul> before </div>
Flavors: r-devel-linux-x86_64-debian-clang, r-devel-linux-x86_64-debian-gcc
Version: 0.3.10
Check: installed package size
Result: NOTE
installed size is 5.5Mb
sub-directories of 1Mb or more:
libs 5.3Mb
Flavors: r-oldrel-macos-arm64, r-oldrel-macos-x86_64