Last updated on 2025-11-12 07:51:02 CET.
| Flavor | Version | Tinstall | Tcheck | Ttotal | Status | Flags |
|---|---|---|---|---|---|---|
| r-devel-linux-x86_64-debian-clang | 2.0.1 | 61.36 | 73.60 | 134.96 | OK | |
| r-devel-linux-x86_64-debian-gcc | 2.0.1 | 41.06 | 48.85 | 89.91 | OK | |
| r-devel-linux-x86_64-fedora-clang | 2.0.1 | 91.00 | 142.75 | 233.75 | OK | |
| r-devel-linux-x86_64-fedora-gcc | 2.0.1 | 102.00 | 136.93 | 238.93 | OK | |
| r-devel-windows-x86_64 | 2.0.1 | 66.00 | 100.00 | 166.00 | OK | |
| r-patched-linux-x86_64 | 2.0.1 | 56.24 | 69.42 | 125.66 | OK | |
| r-release-linux-x86_64 | 2.0.1 | 61.87 | 70.16 | 132.03 | OK | |
| r-release-macos-arm64 | 2.0.1 | 20.00 | 45.00 | 65.00 | OK | |
| r-release-macos-x86_64 | 2.0.1 | 36.00 | 68.00 | 104.00 | OK | |
| r-release-windows-x86_64 | 2.0.1 | 62.00 | 100.00 | 162.00 | OK | |
| r-oldrel-macos-arm64 | 2.0.1 | 21.00 | 51.00 | 72.00 | NOTE | |
| r-oldrel-macos-x86_64 | 2.0.1 | 45.00 | 73.00 | 118.00 | NOTE | |
| r-oldrel-windows-x86_64 | 2.0.1 | 79.00 | 123.00 | 202.00 | OK |
Version: 2.0.1
Check: installed package size
Result: NOTE
installed size is 6.1Mb
sub-directories of 1Mb or more:
libs 5.5Mb
Flavors: r-oldrel-macos-arm64, r-oldrel-macos-x86_64