Last updated on 2025-11-12 19:52:02 CET.
| Flavor | Version | Tinstall | Tcheck | Ttotal | Status | Flags |
|---|---|---|---|---|---|---|
| r-devel-linux-x86_64-debian-clang | 2.0.4 | 53.51 | 274.34 | 327.85 | OK | |
| r-devel-linux-x86_64-debian-gcc | 2.0.4 | 40.99 | 170.31 | 211.30 | OK | |
| r-devel-linux-x86_64-fedora-clang | 2.0.4 | 123.00 | 413.87 | 536.87 | OK | |
| r-devel-linux-x86_64-fedora-gcc | 2.0.4 | 112.00 | 403.23 | 515.23 | OK | |
| r-devel-windows-x86_64 | 2.0.4 | 56.00 | 203.00 | 259.00 | OK | |
| r-patched-linux-x86_64 | 2.0.4 | 53.47 | 258.99 | 312.46 | OK | |
| r-release-linux-x86_64 | 2.0.4 | 53.50 | 259.02 | 312.52 | OK | |
| r-release-macos-arm64 | 2.0.4 | 29.00 | 83.00 | 112.00 | OK | |
| r-release-macos-x86_64 | 2.0.4 | 67.00 | 132.00 | 199.00 | OK | |
| r-release-windows-x86_64 | 2.0.4 | 55.00 | 202.00 | 257.00 | OK | |
| r-oldrel-macos-arm64 | 2.0.4 | 31.00 | 89.00 | 120.00 | NOTE | |
| r-oldrel-macos-x86_64 | 2.0.4 | 51.00 | 184.00 | 235.00 | NOTE | |
| r-oldrel-windows-x86_64 | 2.0.4 | 80.00 | 288.00 | 368.00 | NOTE |
Version: 2.0.4
Check: installed package size
Result: NOTE
installed size is 6.2Mb
sub-directories of 1Mb or more:
R 6.0Mb
Flavors: r-oldrel-macos-arm64, r-oldrel-macos-x86_64, r-oldrel-windows-x86_64