Last updated on 2024-06-04 18:47:59 CEST.
Flavor | Version | Tinstall | Tcheck | Ttotal | Status | Flags |
---|---|---|---|---|---|---|
r-devel-linux-x86_64-debian-clang | 1.0.0 | 48.01 | 607.38 | 655.39 | OK | |
r-devel-linux-x86_64-debian-gcc | 1.0.0 | 45.79 | 447.02 | 492.81 | OK | |
r-devel-linux-x86_64-fedora-clang | 1.0.0 | 896.26 | NOTE | |||
r-devel-linux-x86_64-fedora-gcc | 1.0.0 | 802.78 | NOTE | |||
r-devel-windows-x86_64 | 1.0.0 | 51.00 | 387.00 | 438.00 | OK | |
r-patched-linux-x86_64 | 1.0.0 | 53.70 | 585.24 | 638.94 | OK | |
r-release-linux-x86_64 | 1.0.0 | 34.34 | 576.41 | 610.75 | OK | |
r-release-macos-arm64 | 1.0.0 | 230.00 | OK | |||
r-release-macos-x86_64 | 1.0.0 | 441.00 | OK | |||
r-release-windows-x86_64 | 1.0.0 | 46.00 | 394.00 | 440.00 | OK | |
r-oldrel-macos-arm64 | 1.0.0 | 205.00 | OK | |||
r-oldrel-macos-x86_64 | 1.0.0 | 368.00 | OK | |||
r-oldrel-windows-x86_64 | 1.0.0 | 67.00 | 543.00 | 610.00 | OK |
Version: 1.0.0
Check: dependencies in R code
Result: NOTE
Namespaces in Imports field not imported from:
‘BiocManager’ ‘crayon’ ‘knitr’ ‘methods’
All declared Imports should be used.
Flavors: r-devel-linux-x86_64-fedora-clang, r-devel-linux-x86_64-fedora-gcc