Last updated on 2025-10-24 19:50:44 CEST.
| Flavor | Version | Tinstall | Tcheck | Ttotal | Status | Flags |
|---|---|---|---|---|---|---|
| r-devel-linux-x86_64-debian-clang | 2.0.0 | 3.60 | 398.99 | 402.59 | NOTE | |
| r-devel-linux-x86_64-debian-gcc | 2.0.0 | 2.76 | 261.24 | 264.00 | NOTE | |
| r-devel-linux-x86_64-fedora-clang | 2.0.0 | 13.00 | 667.41 | 680.41 | OK | |
| r-devel-linux-x86_64-fedora-gcc | 2.0.0 | 696.97 | OK | |||
| r-devel-windows-x86_64 | 2.0.0 | 5.00 | 429.00 | 434.00 | OK | |
| r-patched-linux-x86_64 | 2.0.0 | 4.01 | 387.82 | 391.83 | OK | |
| r-release-linux-x86_64 | 2.0.0 | 3.87 | 384.61 | 388.48 | OK | |
| r-release-macos-arm64 | 2.0.0 | 2.00 | 191.00 | 193.00 | OK | |
| r-release-macos-x86_64 | 2.0.0 | 5.00 | 397.00 | 402.00 | OK | |
| r-release-windows-x86_64 | 2.0.0 | 5.00 | 434.00 | 439.00 | OK | |
| r-oldrel-macos-arm64 | 2.0.0 | 2.00 | 173.00 | 175.00 | OK | |
| r-oldrel-macos-x86_64 | 2.0.0 | 3.00 | 280.00 | 283.00 | OK | |
| r-oldrel-windows-x86_64 | 2.0.0 | 7.00 | 556.00 | 563.00 | OK |
Version: 2.0.0
Check: CRAN incoming feasibility
Result: NOTE
Maintainer: ‘William Artman <William_Artman@URMC.Rochester.edu>’
The Description field contains
outcomes. Please see Artman (2020) <arXiv:2008.02341>.
Please refer to arXiv e-prints via their arXiv DOI <doi:10.48550/arXiv.YYMM.NNNNN>.
Flavors: r-devel-linux-x86_64-debian-clang, r-devel-linux-x86_64-debian-gcc