Last updated on 2025-11-14 06:50:22 CET.
| Flavor | Version | Tinstall | Tcheck | Ttotal | Status | Flags |
|---|---|---|---|---|---|---|
| r-devel-linux-x86_64-debian-clang | 1.2.0 | 5.34 | 62.90 | 68.24 | NOTE | |
| r-devel-linux-x86_64-debian-gcc | 1.2.0 | 4.27 | 47.06 | 51.33 | NOTE | |
| r-devel-linux-x86_64-fedora-clang | 1.2.0 | 24.00 | 87.10 | 111.10 | OK | |
| r-devel-linux-x86_64-fedora-gcc | 1.2.0 | 31.00 | 93.23 | 124.23 | OK | |
| r-devel-windows-x86_64 | 1.2.0 | 8.00 | 76.00 | 84.00 | NOTE | |
| r-patched-linux-x86_64 | 1.2.0 | 5.48 | 59.41 | 64.89 | OK | |
| r-release-linux-x86_64 | 1.2.0 | 5.22 | 58.98 | 64.20 | OK | |
| r-release-macos-arm64 | 1.2.0 | 2.00 | 38.00 | 40.00 | OK | |
| r-release-macos-x86_64 | 1.2.0 | 5.00 | 69.00 | 74.00 | OK | |
| r-release-windows-x86_64 | 1.2.0 | 8.00 | 74.00 | 82.00 | OK | |
| r-oldrel-macos-arm64 | 1.2.0 | 3.00 | 41.00 | 44.00 | OK | |
| r-oldrel-macos-x86_64 | 1.2.0 | 4.00 | 59.00 | 63.00 | OK | |
| r-oldrel-windows-x86_64 | 1.2.0 | 9.00 | 94.00 | 103.00 | OK |
Version: 1.2.0
Check: Rd files
Result: NOTE
checkRd: (-1) map_old_to_new_state.Rd:46-48: Only 6 columns allowed in this table (row 1 has 4)
checkRd: (-1) map_old_to_new_state.Rd:46-48: Only 6 columns allowed in this table (row 2 has 4)
checkRd: (-1) map_old_to_new_state.Rd:46-48: Only 6 columns allowed in this table (row 3 has 4)
checkRd: (-1) mutation_count.Rd:53-55: Only 6 columns allowed in this table (row 1 has 4)
checkRd: (-1) mutation_count.Rd:53-55: Only 6 columns allowed in this table (row 2 has 4)
checkRd: (-1) mutation_count.Rd:53-55: Only 6 columns allowed in this table (row 3 has 4)
checkRd: (-1) territorial_mutation_count.Rd:43-45: Only 6 columns allowed in this table (row 1 has 4)
checkRd: (-1) territorial_mutation_count.Rd:43-45: Only 6 columns allowed in this table (row 2 has 4)
checkRd: (-1) territorial_mutation_count.Rd:43-45: Only 6 columns allowed in this table (row 3 has 4)
Flavors: r-devel-linux-x86_64-debian-clang, r-devel-linux-x86_64-debian-gcc, r-devel-windows-x86_64